{"id":26563,"date":"2025-08-26T19:24:21","date_gmt":"2025-08-26T12:24:21","guid":{"rendered":"https:\/\/erialshop.com\/?post_type=product&#038;p=26563"},"modified":"2026-02-22T20:37:51","modified_gmt":"2026-02-22T13:37:51","slug":"zircon-cam-tourmaline","status":"publish","type":"product","link":"https:\/\/www.erialshop.com\/index.php\/product\/zircon-cam-tourmaline\/","title":{"rendered":"Zircon Cam &#8211; Tour"},"content":{"rendered":"<p><strong>\u00a0L\u1eafc ch\u00e2n\u00a0<\/strong><strong>b\u1eb1ng \u0111\u00e1 Cubic Zirconia m\u00e0u cam 2ly mix c\u00f9ng \u0111\u00e1 tourmaline m\u00e0u r\u00eau tr\u00f2n 3ly.<\/strong><\/p>\n<p>Shop c\u00f3 s\u1eb5n chi\u1ebfc tr\u00ean h\u00ecnh d\u00e0i 23cm. C\u00e1c b\u1ea1n c\u00f3 th\u1ec3 li\u00ean h\u1ec7 tr\u01b0\u1edbc v\u1edbi shop \u0111\u1ec3 \u0111\u01b0\u1ee3c t\u01b0 v\u1ea5n k\u0129 l\u01b0\u1ee1ng tr\u01b0\u1edbc khi \u0111\u1eb7t mua.<\/p>\n<ul>\n<li>\u0110\u00e1 Cubic Zirconia, l\u00e0 m\u1ed9t d\u1ea1ng tinh th\u1ec3 \u0111\u01b0\u1ee3c t\u1ea1o ra trong ph\u00f2ng th\u00ed nghi\u1ec7m t\u1eeb qu\u00e1 tr\u00ecnh tinh ch\u1ebf h\u1ed7n h\u1ee3p v\u1edbi b\u1ed9t Zirconium Oxide \u1edf nhi\u1ec7t \u0111\u1ed9, \u00e1p su\u1ea5t l\u1edbn. CZ c\u00f3 \u0111\u1ea7y \u0111\u1ee7 c\u00e1c t\u00ednh ch\u1ea5t v\u1eadt l\u00fd, h\u00f3a h\u1ecdc, quang h\u1ecdc,\u2026 v\u00ec v\u1eady \u0111\u00e1 c\u00f3 b\u1ec1 ngo\u00e0i \u00f3ng \u00e1nh v\u00e0 \u0111\u1ed9 c\u1ee9ng cao (8-8.5).<\/li>\n<\/ul>\n<p><strong>P.s: \u0110\u1ec3 \u0111\u01b0\u1ee3c shop ph\u1ea3n h\u1ed3i nhanh nh\u1ea5t, c\u00e1c b\u1ea1n vui l\u00f2ng b\u1ea5m v\u00e0o n\u00fat \u201cnh\u1eafn tin qua instagram\u201d \u1edf d\u01b0\u1edbi ch\u1eef \u201cmua ngay\u201d nh\u00e9.<\/strong><\/p>\n","protected":false},"excerpt":{"rendered":"<p>\u00a0L\u1eafc ch\u00e2n\u00a0b\u1eb1ng \u0111\u00e1 Cubic Zirconia m\u00e0u cam 2ly mix c\u00f9ng \u0111\u00e1 tourmaline m\u00e0u r\u00eau tr\u00f2n 3ly. Shop c\u00f3 s\u1eb5n chi\u1ebfc tr\u00ean h\u00ecnh d\u00e0i 23cm. C\u00e1c b\u1ea1n c\u00f3 th\u1ec3 li\u00ean h\u1ec7 tr\u01b0\u1edbc v\u1edbi shop \u0111\u1ec3 \u0111\u01b0\u1ee3c t\u01b0 v\u1ea5n k\u0129 l\u01b0\u1ee1ng tr\u01b0\u1edbc khi \u0111\u1eb7t mua. \u0110\u00e1 Cubic Zirconia, l\u00e0 m\u1ed9t d\u1ea1ng tinh th\u1ec3 \u0111\u01b0\u1ee3c t\u1ea1o ra trong ph\u00f2ng th\u00ed nghi\u1ec7m t\u1eeb qu\u00e1 tr\u00ecnh tinh ch\u1ebf h\u1ed7n h\u1ee3p v\u1edbi b\u1ed9t Zirconium Oxide \u1edf nhi\u1ec7t \u0111\u1ed9, \u00e1p su\u1ea5t l\u1edbn. CZ c\u00f3 \u0111\u1ea7y \u0111\u1ee7 c\u00e1c t\u00ednh ch\u1ea5t v\u1eadt l\u00fd, h\u00f3a h\u1ecdc, quang h\u1ecdc,\u2026 v\u00ec v\u1eady \u0111\u00e1 c\u00f3 b\u1ec1 ngo\u00e0i \u00f3ng \u00e1nh v\u00e0 \u0111\u1ed9 c\u1ee9ng cao (8-8.5). P.s: \u0110\u1ec3 \u0111\u01b0\u1ee3c shop ph\u1ea3n h\u1ed3i nhanh nh\u1ea5t, c\u00e1c b\u1ea1n vui l\u00f2ng b\u1ea5m v\u00e0o n\u00fat \u201cnh\u1eafn tin qua instagram\u201d \u1edf d\u01b0\u1edbi ch\u1eef \u201cmua ngay\u201d nh\u00e9.<\/p>\n","protected":false},"featured_media":26494,"comment_status":"open","ping_status":"closed","template":"","meta":[],"product_brand":[],"product_cat":[286],"product_tag":[],"class_list":{"0":"post-26563","1":"product","2":"type-product","3":"status-publish","4":"has-post-thumbnail","6":"product_cat-lac-chan","7":"pa_color-da-sac","8":"pa_loai-da-cubic-zirconia","9":"pa_loai-da-vo-so","10":"pa_size-2-ly","11":"pa_size-3-ly","13":"first","14":"instock","15":"sale","16":"shipping-taxable","17":"purchasable","18":"product-type-simple"},"_links":{"self":[{"href":"https:\/\/www.erialshop.com\/index.php\/wp-json\/wp\/v2\/product\/26563","targetHints":{"allow":["GET"]}}],"collection":[{"href":"https:\/\/www.erialshop.com\/index.php\/wp-json\/wp\/v2\/product"}],"about":[{"href":"https:\/\/www.erialshop.com\/index.php\/wp-json\/wp\/v2\/types\/product"}],"replies":[{"embeddable":true,"href":"https:\/\/www.erialshop.com\/index.php\/wp-json\/wp\/v2\/comments?post=26563"}],"version-history":[{"count":2,"href":"https:\/\/www.erialshop.com\/index.php\/wp-json\/wp\/v2\/product\/26563\/revisions"}],"predecessor-version":[{"id":26896,"href":"https:\/\/www.erialshop.com\/index.php\/wp-json\/wp\/v2\/product\/26563\/revisions\/26896"}],"wp:featuredmedia":[{"embeddable":true,"href":"https:\/\/www.erialshop.com\/index.php\/wp-json\/wp\/v2\/media\/26494"}],"wp:attachment":[{"href":"https:\/\/www.erialshop.com\/index.php\/wp-json\/wp\/v2\/media?parent=26563"}],"wp:term":[{"taxonomy":"product_brand","embeddable":true,"href":"https:\/\/www.erialshop.com\/index.php\/wp-json\/wp\/v2\/product_brand?post=26563"},{"taxonomy":"product_cat","embeddable":true,"href":"https:\/\/www.erialshop.com\/index.php\/wp-json\/wp\/v2\/product_cat?post=26563"},{"taxonomy":"product_tag","embeddable":true,"href":"https:\/\/www.erialshop.com\/index.php\/wp-json\/wp\/v2\/product_tag?post=26563"}],"curies":[{"name":"wp","href":"https:\/\/api.w.org\/{rel}","templated":true}]}}