{"id":25738,"date":"2024-12-16T20:16:38","date_gmt":"2024-12-16T13:16:38","guid":{"rendered":"https:\/\/erialshop.com\/?post_type=product&#038;p=25738"},"modified":"2025-06-29T18:48:04","modified_gmt":"2025-06-29T11:48:04","slug":"sapphire-3x4ly-purple","status":"publish","type":"product","link":"https:\/\/www.erialshop.com\/index.php\/product\/sapphire-3x4ly-purple\/","title":{"rendered":"Sapphire 3x4ly &#8211; Purple"},"content":{"rendered":"<p><strong>V\u00f2ng tay v\u1edbi \u0111\u00e1 sapphire t\u1ed9ng t\u00edm h\u1ea1t b\u00e1nh xe 3x4ly tr\u1ed9n nhi\u1ec1u chi ti\u1ebft v\u00e0 lo\u1ea1i \u0111\u00e1, c\u00e1c ph\u1ee5 ki\u1ec7n m\u1ea1 v\u00e0ng \u0111\u01b0\u1ee3c li\u1ec7t k\u00ea nh\u01b0 sau:<\/strong><\/p>\n<ul>\n<li>Gi\u1ecdt n\u01b0\u1edbc th\u1ea1ch anh t\u00edm c\u1eaft gi\u00e1c 6m x 8m &#8211; d\u00e0y 3.5m<\/li>\n<li>M\u1ed9t ng\u1ecdc trai tr\u1eafng 7ly<\/li>\n<li>M\u1ed9t \u0111o\u1ea1n \u0111\u00e1 herkimer nh\u1ecf 2x3ly<\/li>\n<li>M\u1ed9t vi\u00ean herkimer l\u1edbn 5x10ly<\/li>\n<li>Charm hoa k\u1ebft \u0111\u00e1 th\u1ea1ch anh tr\u1eafng 2ly<\/li>\n<\/ul>\n<p>Chi\u1ebfc y h\u00ecnh d\u00e0i 16cm ho\u1eb7c c\u00e1c b\u1ea1n c\u00f3 th\u1ec3 li\u00ean h\u1ec7 tr\u01b0\u1edbc v\u1edbi shop \u0111\u1ec3 \u0111\u01b0\u1ee3c t\u01b0 v\u1ea5n k\u0129 l\u01b0\u1ee1ng tr\u01b0\u1edbc khi \u0111\u1eb7t mua.<\/p>\n<p><em>Sapphire \u0111\u01b0\u1ee3c bi\u1ebft \u0111\u1ebfn ph\u1ed5 bi\u1ebfn nh\u1ea5t \u1edf m\u00e0u xanh d\u01b0\u01a1ng \u0111\u1eadm, tuy v\u1eady d\u00e3y m\u00e0u c\u1ee7a sapphire tr\u1ea3i d\u00e0i kh\u00e1 \u0111a d\u1ea1ng t\u1eeb v\u00e0ng, t\u00edm, h\u1ed3ng, l\u00e1, n\u00e2u\u2026..<\/em><\/p>\n<p><strong>P.s: \u0110\u1ec3 \u0111\u01b0\u1ee3c shop ph\u1ea3n h\u1ed3i nhanh nh\u1ea5t<\/strong><strong>, c\u00e1c b\u1ea1n vui l\u00f2ng b\u1ea5m v\u00e0o n\u00fat \u201cnh\u1eafn tin qua instagram\u201d \u1edf d\u01b0\u1edbi ch\u1eef \u201cmua ngay\u201d nh\u00e9.\u00a0<\/strong><\/p>\n","protected":false},"excerpt":{"rendered":"<p>V\u00f2ng tay v\u1edbi \u0111\u00e1 sapphire t\u1ed9ng t\u00edm h\u1ea1t b\u00e1nh xe 3x4ly tr\u1ed9n nhi\u1ec1u chi ti\u1ebft v\u00e0 lo\u1ea1i \u0111\u00e1, c\u00e1c ph\u1ee5 ki\u1ec7n m\u1ea1 v\u00e0ng \u0111\u01b0\u1ee3c li\u1ec7t k\u00ea nh\u01b0 sau: Gi\u1ecdt n\u01b0\u1edbc th\u1ea1ch anh t\u00edm c\u1eaft gi\u00e1c 6m x 8m &#8211; d\u00e0y 3.5m M\u1ed9t ng\u1ecdc trai tr\u1eafng 7ly M\u1ed9t \u0111o\u1ea1n \u0111\u00e1 herkimer nh\u1ecf 2x3ly M\u1ed9t vi\u00ean herkimer l\u1edbn 5x10ly Charm hoa k\u1ebft \u0111\u00e1 th\u1ea1ch anh tr\u1eafng 2ly Chi\u1ebfc y h\u00ecnh d\u00e0i 16cm ho\u1eb7c c\u00e1c b\u1ea1n c\u00f3 th\u1ec3 li\u00ean h\u1ec7 tr\u01b0\u1edbc v\u1edbi shop \u0111\u1ec3 \u0111\u01b0\u1ee3c t\u01b0 v\u1ea5n k\u0129 l\u01b0\u1ee1ng tr\u01b0\u1edbc khi \u0111\u1eb7t mua. Sapphire \u0111\u01b0\u1ee3c bi\u1ebft \u0111\u1ebfn ph\u1ed5 bi\u1ebfn nh\u1ea5t \u1edf m\u00e0u xanh d\u01b0\u01a1ng \u0111\u1eadm, tuy v\u1eady d\u00e3y m\u00e0u c\u1ee7a sapphire tr\u1ea3i d\u00e0i kh\u00e1 \u0111a d\u1ea1ng t\u1eeb v\u00e0ng, t\u00edm, h\u1ed3ng, l\u00e1, n\u00e2u\u2026.. P.s: \u0110\u1ec3 \u0111\u01b0\u1ee3c shop ph\u1ea3n h\u1ed3i nhanh nh\u1ea5t, c\u00e1c b\u1ea1n vui l\u00f2ng b\u1ea5m v\u00e0o n\u00fat \u201cnh\u1eafn tin qua instagram\u201d \u1edf d\u01b0\u1edbi ch\u1eef \u201cmua ngay\u201d nh\u00e9.\u00a0<\/p>\n","protected":false},"featured_media":25663,"comment_status":"open","ping_status":"closed","template":"","meta":[],"product_brand":[],"product_cat":[284],"product_tag":[365,338,366],"class_list":{"0":"post-25738","1":"product","2":"type-product","3":"status-publish","4":"has-post-thumbnail","6":"product_cat-vong-tay","7":"product_tag-sapphire","8":"product_tag-vongtay","9":"product_tag-xothun","10":"pa_color-da-sac","11":"pa_color-violet","12":"pa_fate-hoa","13":"pa_fate-tho","14":"pa_loai-da-herkimer","15":"pa_loai-da-ngoc-trai","16":"pa_loai-da-sapphire","17":"pa_loai-da-thach-anh","18":"pa_loai-da-thach-anh-tim","19":"pa_loai-da-thach-anh-trang","20":"pa_size-3-4ly","21":"pa_size-3-ly","22":"pa_style-charms","23":"pa_style-dieu-da","24":"pa_style-mixed","26":"first","27":"instock","28":"sale","29":"shipping-taxable","30":"purchasable","31":"product-type-simple"},"_links":{"self":[{"href":"https:\/\/www.erialshop.com\/index.php\/wp-json\/wp\/v2\/product\/25738","targetHints":{"allow":["GET"]}}],"collection":[{"href":"https:\/\/www.erialshop.com\/index.php\/wp-json\/wp\/v2\/product"}],"about":[{"href":"https:\/\/www.erialshop.com\/index.php\/wp-json\/wp\/v2\/types\/product"}],"replies":[{"embeddable":true,"href":"https:\/\/www.erialshop.com\/index.php\/wp-json\/wp\/v2\/comments?post=25738"}],"version-history":[{"count":2,"href":"https:\/\/www.erialshop.com\/index.php\/wp-json\/wp\/v2\/product\/25738\/revisions"}],"predecessor-version":[{"id":25740,"href":"https:\/\/www.erialshop.com\/index.php\/wp-json\/wp\/v2\/product\/25738\/revisions\/25740"}],"wp:featuredmedia":[{"embeddable":true,"href":"https:\/\/www.erialshop.com\/index.php\/wp-json\/wp\/v2\/media\/25663"}],"wp:attachment":[{"href":"https:\/\/www.erialshop.com\/index.php\/wp-json\/wp\/v2\/media?parent=25738"}],"wp:term":[{"taxonomy":"product_brand","embeddable":true,"href":"https:\/\/www.erialshop.com\/index.php\/wp-json\/wp\/v2\/product_brand?post=25738"},{"taxonomy":"product_cat","embeddable":true,"href":"https:\/\/www.erialshop.com\/index.php\/wp-json\/wp\/v2\/product_cat?post=25738"},{"taxonomy":"product_tag","embeddable":true,"href":"https:\/\/www.erialshop.com\/index.php\/wp-json\/wp\/v2\/product_tag?post=25738"}],"curies":[{"name":"wp","href":"https:\/\/api.w.org\/{rel}","templated":true}]}}