{"id":25133,"date":"2022-09-12T14:59:53","date_gmt":"2022-09-12T07:59:53","guid":{"rendered":"https:\/\/erialshop.com\/?post_type=product&#038;p=25133"},"modified":"2026-02-20T20:38:36","modified_gmt":"2026-02-20T13:38:36","slug":"ruby-don-3ly","status":"publish","type":"product","link":"https:\/\/www.erialshop.com\/index.php\/product\/ruby-don-3ly\/","title":{"rendered":"Ruby \u0110\u01a1n 3ly"},"content":{"rendered":"<p><strong>M\u1eabu nh\u1eabn d\u00e2y \u0111\u01a1n \u0111\u00e1 ruby size 3ly m\u00e0u h\u1ed3ng. Nh\u1eabn x\u1ecf b\u1eb1ng c\u01b0\u1edbc tr\u1eafng c\u00f3 k\u00e8m \u0111\u1ed3 ch\u1eb7n nh\u1ecf \u1edf nh\u1eabn.<\/strong><\/p>\n<p>Size: Chu vi v\u00f2ng trong: 3.2-4.8cm. Lo\u1ea1i n\u00e0y ph\u00f9 h\u1ee3p cho c\u00e1c b\u1ea1n \u0111eo nh\u1eb9 nh\u00e0ng, ch\u1eadm r\u00e3i nh\u1eb9 nh\u00e0ng. C\u00e1c b\u1ea1n c\u00f3 th\u1ec3 li\u00ean h\u1ec7 tr\u01b0\u1edbc v\u1edbi shop \u0111\u1ec3 \u0111\u01b0\u1ee3c t\u01b0 v\u1ea5n k\u0129 l\u01b0\u1ee1ng tr\u01b0\u1edbc khi \u0111\u1eb7t mua.<\/p>\n<ul>\n<li><strong>\u0110\u00e1 ruby h\u1ea1t c\u1eaft gi\u00e1c size 3ly trong s\u1ea3n ph\u1ea9m n\u00e0y l\u00e0 \u0111\u00e1 ruby t\u1ef1 nhi\u00ean \u0111\u00e3 c\u00f3 qua x\u1eed l\u00fd m\u00e0u l\u00e0m cho m\u00e0u h\u1ed3ng c\u1ee7a \u0111\u00e1 t\u01b0\u01a1i h\u01a1n, ch\u1ea5t \u0111\u00e1 trong v\u00e0 \u0111\u1eb9p m\u1eaft h\u01a1n so v\u1edbi lo\u1ea1i ruby t\u1ef1 nhi\u00ean ch\u01b0a x\u1eed l\u00fd s\u1ebd kh\u00f4ng \u0111\u1ec1u m\u00e0u, nhi\u1ec1u b\u1ecdt kh\u00ed v\u00e0 l\u00f5m&#8230;<\/strong><\/li>\n<\/ul>\n<hr \/>\n<p><strong>H\u01b0\u1edbng d\u1eabn s\u1eed d\u1ee5ng nh\u1eabn:<\/strong><\/p>\n<p><em>1. Ch\u1ec9 \u0111eo nh\u1eabn cho ng\u00f3n v\u1eeba v\u1edbi size nh\u1eabn \u0111\u00e3 mua \u1edf shop, n\u1ebfu chuy\u1ec3n sang c\u00e1c ng\u00f3n kh\u00e1c to size h\u01a1n nh\u1eabn d\u1ec5 gi\u00e3n, \u0111\u1ee9t.<\/em><\/p>\n<p><em>2.\u00a0 \u0110eo ch\u1eadm r\u00e3i, nh\u1eb9 nh\u00e0ng, kh\u00f4ng \u0111eo nh\u1eabn l\u00e0m vi\u1ec7c n\u1eb7ng: ch\u01a1i th\u1ec3 thao, lau nh\u00e0, r\u1eeda ch\u00e9n,\u2026<\/em><\/p>\n<p><em>3. H\u1ea1n ch\u1ebf \u0111\u1ee5ng n\u01b0\u1edbc, ho\u00e1 ch\u1ea5t, m\u1ed3 h\u00f4i\u2026<\/em><\/p>\n<p><strong>P.s: \u0110\u1ec3 \u0111\u01b0\u1ee3c shop ph\u1ea3n h\u1ed3i nhanh nh\u1ea5t, c\u00e1c b\u1ea1n vui l\u00f2ng b\u1ea5m v\u00e0o n\u00fat \u201cnh\u1eafn tin qua instagram\u201d \u1edf d\u01b0\u1edbi ch\u1eef \u201cmua ngay\u201d nh\u00e9.<\/strong><\/p>\n","protected":false},"excerpt":{"rendered":"<p>M\u1eabu nh\u1eabn d\u00e2y \u0111\u01a1n \u0111\u00e1 ruby size 3ly m\u00e0u h\u1ed3ng. Nh\u1eabn x\u1ecf b\u1eb1ng c\u01b0\u1edbc tr\u1eafng c\u00f3 k\u00e8m \u0111\u1ed3 ch\u1eb7n nh\u1ecf \u1edf nh\u1eabn. Size: Chu vi v\u00f2ng trong: 3.2-4.8cm. Lo\u1ea1i n\u00e0y ph\u00f9 h\u1ee3p cho c\u00e1c b\u1ea1n \u0111eo nh\u1eb9 nh\u00e0ng, ch\u1eadm r\u00e3i nh\u1eb9 nh\u00e0ng. C\u00e1c b\u1ea1n c\u00f3 th\u1ec3 li\u00ean h\u1ec7 tr\u01b0\u1edbc v\u1edbi shop \u0111\u1ec3 \u0111\u01b0\u1ee3c t\u01b0 v\u1ea5n k\u0129 l\u01b0\u1ee1ng tr\u01b0\u1edbc khi \u0111\u1eb7t mua. \u0110\u00e1 ruby h\u1ea1t c\u1eaft gi\u00e1c size 3ly trong s\u1ea3n ph\u1ea9m n\u00e0y l\u00e0 \u0111\u00e1 ruby t\u1ef1 nhi\u00ean \u0111\u00e3 c\u00f3 qua x\u1eed l\u00fd m\u00e0u l\u00e0m cho m\u00e0u h\u1ed3ng c\u1ee7a \u0111\u00e1 t\u01b0\u01a1i h\u01a1n, ch\u1ea5t \u0111\u00e1 trong v\u00e0 \u0111\u1eb9p m\u1eaft h\u01a1n so v\u1edbi lo\u1ea1i ruby t\u1ef1 nhi\u00ean ch\u01b0a x\u1eed l\u00fd s\u1ebd kh\u00f4ng \u0111\u1ec1u m\u00e0u, nhi\u1ec1u b\u1ecdt kh\u00ed v\u00e0 l\u00f5m&#8230; H\u01b0\u1edbng d\u1eabn s\u1eed d\u1ee5ng nh\u1eabn: 1. Ch\u1ec9 \u0111eo nh\u1eabn cho ng\u00f3n v\u1eeba v\u1edbi size nh\u1eabn \u0111\u00e3 mua \u1edf shop, n\u1ebfu chuy\u1ec3n sang c\u00e1c ng\u00f3n kh\u00e1c to size h\u01a1n nh\u1eabn d\u1ec5 gi\u00e3n, \u0111\u1ee9t. 2.\u00a0 \u0110eo ch\u1eadm r\u00e3i, nh\u1eb9 nh\u00e0ng, kh\u00f4ng \u0111eo nh\u1eabn l\u00e0m vi\u1ec7c n\u1eb7ng: ch\u01a1i th\u1ec3 thao, lau nh\u00e0, r\u1eeda ch\u00e9n,\u2026 3. H\u1ea1n ch\u1ebf \u0111\u1ee5ng n\u01b0\u1edbc, ho\u00e1 ch\u1ea5t, m\u1ed3 h\u00f4i\u2026 P.s: \u0110\u1ec3 \u0111\u01b0\u1ee3c shop ph\u1ea3n h\u1ed3i nhanh nh\u1ea5t, c\u00e1c b\u1ea1n vui l\u00f2ng b\u1ea5m v\u00e0o n\u00fat \u201cnh\u1eafn tin qua instagram\u201d \u1edf d\u01b0\u1edbi ch\u1eef \u201cmua ngay\u201d nh\u00e9.<\/p>\n","protected":false},"featured_media":25121,"comment_status":"open","ping_status":"closed","template":"","meta":[],"product_brand":[],"product_cat":[296],"product_tag":[347,448],"class_list":{"0":"post-25133","1":"product","2":"type-product","3":"status-publish","4":"has-post-thumbnail","6":"product_cat-nhan","7":"product_tag-nhan","8":"product_tag-zircon","9":"pa_color-pink","10":"pa_loai-da-cubic-zirconia","11":"pa_size-3-ly","12":"pa_style-tron","14":"first","15":"instock","16":"shipping-taxable","17":"purchasable","18":"product-type-simple"},"_links":{"self":[{"href":"https:\/\/www.erialshop.com\/index.php\/wp-json\/wp\/v2\/product\/25133","targetHints":{"allow":["GET"]}}],"collection":[{"href":"https:\/\/www.erialshop.com\/index.php\/wp-json\/wp\/v2\/product"}],"about":[{"href":"https:\/\/www.erialshop.com\/index.php\/wp-json\/wp\/v2\/types\/product"}],"replies":[{"embeddable":true,"href":"https:\/\/www.erialshop.com\/index.php\/wp-json\/wp\/v2\/comments?post=25133"}],"version-history":[{"count":3,"href":"https:\/\/www.erialshop.com\/index.php\/wp-json\/wp\/v2\/product\/25133\/revisions"}],"predecessor-version":[{"id":26873,"href":"https:\/\/www.erialshop.com\/index.php\/wp-json\/wp\/v2\/product\/25133\/revisions\/26873"}],"wp:featuredmedia":[{"embeddable":true,"href":"https:\/\/www.erialshop.com\/index.php\/wp-json\/wp\/v2\/media\/25121"}],"wp:attachment":[{"href":"https:\/\/www.erialshop.com\/index.php\/wp-json\/wp\/v2\/media?parent=25133"}],"wp:term":[{"taxonomy":"product_brand","embeddable":true,"href":"https:\/\/www.erialshop.com\/index.php\/wp-json\/wp\/v2\/product_brand?post=25133"},{"taxonomy":"product_cat","embeddable":true,"href":"https:\/\/www.erialshop.com\/index.php\/wp-json\/wp\/v2\/product_cat?post=25133"},{"taxonomy":"product_tag","embeddable":true,"href":"https:\/\/www.erialshop.com\/index.php\/wp-json\/wp\/v2\/product_tag?post=25133"}],"curies":[{"name":"wp","href":"https:\/\/api.w.org\/{rel}","templated":true}]}}