{"id":25045,"date":"2024-08-15T19:24:47","date_gmt":"2024-08-15T12:24:47","guid":{"rendered":"https:\/\/erialshop.com\/?post_type=product&#038;p=25045"},"modified":"2025-02-18T14:42:36","modified_gmt":"2025-02-18T07:42:36","slug":"raw-honey-opal-3x4ly","status":"publish","type":"product","link":"https:\/\/www.erialshop.com\/index.php\/product\/raw-honey-opal-3x4ly\/","title":{"rendered":"Raw Honey Opal 3x4ly"},"content":{"rendered":"<p><strong>V\u00f2ng tay v\u1edbi \u0111\u00e1 opal m\u1eadt t\u00f4ng th\u00f4 h\u1ea1t b\u00e1nh xe size 3x4ly c\u00f9ng m\u1ed9t s\u1ed1 chi ti\u1ebft m\u1ea1 v\u00e0ng<\/strong><\/p>\n<p>Raw Honey Opal : l\u00e0 lo\u1ea1i opal d\u1ea1ng th\u00f4 r\u1ea5t kh\u00e1c v\u1edbi c\u00e1c lo\u1ea1i opal kh\u00e1c, ch\u00fang kh\u00f4ng c\u00f3 l\u1eeda v\u00e0 th\u00e2n c\u00f3 m\u00e0u v\u00e0ng s\u1eefa t\u1eeb \u0111\u1ee5c \u0111\u1ebfn trong v\u00e0 c\u00f3 ch\u1ee9a c\u00e1c t\u1ea1p ch\u1ea5t c\u00f3 m\u00e0u cam, \u0111en&#8230;. v\u00f4 c\u00f9ng \u0111\u1ed9c \u0111\u00e1o.<\/p>\n<p>Shop c\u00f3 s\u1eb5n chi\u1ebfc y h\u00ecnh v\u1edbi chi\u1ec1u d\u00e0i 16.5cm ho\u1eb7c c\u00e1c b\u1ea1n c\u00f3 th\u1ec3 inbox shop \u0111\u1ec3 \u0111\u01b0\u1ee3c t\u01b0 v\u1ea5n v\u00e0 \u0111\u1eb7t l\u00e0m theo size tay nh\u00e9.<\/p>\n<p><strong>P.s: \u0110\u1ec3 \u0111\u01b0\u1ee3c shop ph\u1ea3n h\u1ed3i nhanh nh\u1ea5t, c\u00e1c b\u1ea1n nh\u1eafn tin cho m\u00ecnh qua instagram nh\u01b0 n\u00fat c\u1ea1nh b\u00e0i nh\u00e9<\/strong><\/p>\n","protected":false},"excerpt":{"rendered":"<p>V\u00f2ng tay v\u1edbi \u0111\u00e1 opal m\u1eadt t\u00f4ng th\u00f4 h\u1ea1t b\u00e1nh xe size 3x4ly c\u00f9ng m\u1ed9t s\u1ed1 chi ti\u1ebft m\u1ea1 v\u00e0ng Raw Honey Opal : l\u00e0 lo\u1ea1i opal d\u1ea1ng th\u00f4 r\u1ea5t kh\u00e1c v\u1edbi c\u00e1c lo\u1ea1i opal kh\u00e1c, ch\u00fang kh\u00f4ng c\u00f3 l\u1eeda v\u00e0 th\u00e2n c\u00f3 m\u00e0u v\u00e0ng s\u1eefa t\u1eeb \u0111\u1ee5c \u0111\u1ebfn trong v\u00e0 c\u00f3 ch\u1ee9a c\u00e1c t\u1ea1p ch\u1ea5t c\u00f3 m\u00e0u cam, \u0111en&#8230;. v\u00f4 c\u00f9ng \u0111\u1ed9c \u0111\u00e1o. Shop c\u00f3 s\u1eb5n chi\u1ebfc y h\u00ecnh v\u1edbi chi\u1ec1u d\u00e0i 16.5cm ho\u1eb7c c\u00e1c b\u1ea1n c\u00f3 th\u1ec3 inbox shop \u0111\u1ec3 \u0111\u01b0\u1ee3c t\u01b0 v\u1ea5n v\u00e0 \u0111\u1eb7t l\u00e0m theo size tay nh\u00e9. P.s: \u0110\u1ec3 \u0111\u01b0\u1ee3c shop ph\u1ea3n h\u1ed3i nhanh nh\u1ea5t, c\u00e1c b\u1ea1n nh\u1eafn tin cho m\u00ecnh qua instagram nh\u01b0 n\u00fat c\u1ea1nh b\u00e0i nh\u00e9<\/p>\n","protected":false},"featured_media":25046,"comment_status":"open","ping_status":"closed","template":"","meta":[],"product_brand":[],"product_cat":[284],"product_tag":[337,338,443],"class_list":{"0":"post-25045","1":"product","2":"type-product","3":"status-publish","4":"has-post-thumbnail","6":"product_cat-vong-tay","7":"product_tag-opal","8":"product_tag-vongtay","9":"product_tag-whiteopal","10":"pa_color-yellow","11":"pa_fate-kim","12":"pa_fate-tho","13":"pa_loai-da-opal","14":"pa_size-3-ly","15":"pa_size-3-4ly","16":"pa_size-4-ly","17":"pa_style-tron","19":"first","20":"instock","21":"sale","22":"shipping-taxable","23":"purchasable","24":"product-type-simple"},"_links":{"self":[{"href":"https:\/\/www.erialshop.com\/index.php\/wp-json\/wp\/v2\/product\/25045","targetHints":{"allow":["GET"]}}],"collection":[{"href":"https:\/\/www.erialshop.com\/index.php\/wp-json\/wp\/v2\/product"}],"about":[{"href":"https:\/\/www.erialshop.com\/index.php\/wp-json\/wp\/v2\/types\/product"}],"replies":[{"embeddable":true,"href":"https:\/\/www.erialshop.com\/index.php\/wp-json\/wp\/v2\/comments?post=25045"}],"version-history":[{"count":1,"href":"https:\/\/www.erialshop.com\/index.php\/wp-json\/wp\/v2\/product\/25045\/revisions"}],"predecessor-version":[{"id":26100,"href":"https:\/\/www.erialshop.com\/index.php\/wp-json\/wp\/v2\/product\/25045\/revisions\/26100"}],"wp:featuredmedia":[{"embeddable":true,"href":"https:\/\/www.erialshop.com\/index.php\/wp-json\/wp\/v2\/media\/25046"}],"wp:attachment":[{"href":"https:\/\/www.erialshop.com\/index.php\/wp-json\/wp\/v2\/media?parent=25045"}],"wp:term":[{"taxonomy":"product_brand","embeddable":true,"href":"https:\/\/www.erialshop.com\/index.php\/wp-json\/wp\/v2\/product_brand?post=25045"},{"taxonomy":"product_cat","embeddable":true,"href":"https:\/\/www.erialshop.com\/index.php\/wp-json\/wp\/v2\/product_cat?post=25045"},{"taxonomy":"product_tag","embeddable":true,"href":"https:\/\/www.erialshop.com\/index.php\/wp-json\/wp\/v2\/product_tag?post=25045"}],"curies":[{"name":"wp","href":"https:\/\/api.w.org\/{rel}","templated":true}]}}