{"id":24533,"date":"2024-06-19T19:32:28","date_gmt":"2024-06-19T12:32:28","guid":{"rendered":"https:\/\/erialshop.com\/?post_type=product&#038;p=24533"},"modified":"2024-07-30T16:01:44","modified_gmt":"2024-07-30T09:01:44","slug":"toc-nau-4ly","status":"publish","type":"product","link":"https:\/\/www.erialshop.com\/index.php\/product\/toc-nau-4ly\/","title":{"rendered":"T\u00f3c N\u00e2u 4ly"},"content":{"rendered":"<p><strong>V\u00f2ng tay \u0111\u00e1 th\u1ea1ch anh t\u00f3c n\u00e2u h\u1ea1t tr\u00f2n size 4ly c\u00f9ng m\u1ed9t s\u1ed1 chi ti\u1ebft m\u1ea1 v\u00e0ng. ( kho\u00e1 c\u01a1 m\u1edf nh\u1eb9 1 \u0111\u1ea7u ra \u0111\u1ec3 \u0111eo v\u00e0o)<\/strong><\/p>\n<p>Shop ch\u1ec9 c\u00f3 s\u1eb5n 3 d\u00e2y v\u1edbi chi\u1ec1u d\u00e0i: 16.2- 17- 17.2cm ho\u1eb7c c\u00e1c b\u1ea1n li\u00ean h\u1ec7 v\u1edbi shop \u0111\u1ec3 \u0111\u01b0\u1ee3c t\u01b0 v\u1ea5n tr\u01b0\u1edbc khi \u0111\u0103t mua.<\/p>\n<p><strong>P.s: \u0110\u1ec3 \u0111\u01b0\u1ee3c shop ph\u1ea3n h\u1ed3i nhanh nh\u1ea5t, c\u00e1c b\u1ea1n vui l\u00f2ng b\u1ea5m v\u00e0o n\u00fat \u201cnh\u1eafn tin qua instagram\u201d \u1edf d\u01b0\u1edbi ch\u1eef \u201cmua ngay\u201d nh\u00e9.<\/strong><\/p>\n","protected":false},"excerpt":{"rendered":"<p>V\u00f2ng tay \u0111\u00e1 th\u1ea1ch anh t\u00f3c n\u00e2u h\u1ea1t tr\u00f2n size 4ly c\u00f9ng m\u1ed9t s\u1ed1 chi ti\u1ebft m\u1ea1 v\u00e0ng. ( kho\u00e1 c\u01a1 m\u1edf nh\u1eb9 1 \u0111\u1ea7u ra \u0111\u1ec3 \u0111eo v\u00e0o) Shop ch\u1ec9 c\u00f3 s\u1eb5n 3 d\u00e2y v\u1edbi chi\u1ec1u d\u00e0i: 16.2- 17- 17.2cm ho\u1eb7c c\u00e1c b\u1ea1n li\u00ean h\u1ec7 v\u1edbi shop \u0111\u1ec3 \u0111\u01b0\u1ee3c t\u01b0 v\u1ea5n tr\u01b0\u1edbc khi \u0111\u0103t mua. P.s: \u0110\u1ec3 \u0111\u01b0\u1ee3c shop ph\u1ea3n h\u1ed3i nhanh nh\u1ea5t, c\u00e1c b\u1ea1n vui l\u00f2ng b\u1ea5m v\u00e0o n\u00fat \u201cnh\u1eafn tin qua instagram\u201d \u1edf d\u01b0\u1edbi ch\u1eef \u201cmua ngay\u201d nh\u00e9.<\/p>\n","protected":false},"featured_media":24525,"comment_status":"open","ping_status":"closed","template":"","meta":[],"product_brand":[],"product_cat":[284],"product_tag":[458,338],"class_list":{"0":"post-24533","1":"product","2":"type-product","3":"status-publish","4":"has-post-thumbnail","6":"product_cat-vong-tay","7":"product_tag-tocvang","8":"product_tag-vongtay","9":"pa_color-brown","10":"pa_fate-kim","11":"pa_fate-tho","12":"pa_loai-da-thach-anh-toc","13":"pa_size-hat-tron","14":"pa_size-4-ly","15":"pa_style-tron","17":"first","18":"instock","19":"shipping-taxable","20":"purchasable","21":"product-type-simple"},"_links":{"self":[{"href":"https:\/\/www.erialshop.com\/index.php\/wp-json\/wp\/v2\/product\/24533","targetHints":{"allow":["GET"]}}],"collection":[{"href":"https:\/\/www.erialshop.com\/index.php\/wp-json\/wp\/v2\/product"}],"about":[{"href":"https:\/\/www.erialshop.com\/index.php\/wp-json\/wp\/v2\/types\/product"}],"replies":[{"embeddable":true,"href":"https:\/\/www.erialshop.com\/index.php\/wp-json\/wp\/v2\/comments?post=24533"}],"version-history":[{"count":0,"href":"https:\/\/www.erialshop.com\/index.php\/wp-json\/wp\/v2\/product\/24533\/revisions"}],"wp:featuredmedia":[{"embeddable":true,"href":"https:\/\/www.erialshop.com\/index.php\/wp-json\/wp\/v2\/media\/24525"}],"wp:attachment":[{"href":"https:\/\/www.erialshop.com\/index.php\/wp-json\/wp\/v2\/media?parent=24533"}],"wp:term":[{"taxonomy":"product_brand","embeddable":true,"href":"https:\/\/www.erialshop.com\/index.php\/wp-json\/wp\/v2\/product_brand?post=24533"},{"taxonomy":"product_cat","embeddable":true,"href":"https:\/\/www.erialshop.com\/index.php\/wp-json\/wp\/v2\/product_cat?post=24533"},{"taxonomy":"product_tag","embeddable":true,"href":"https:\/\/www.erialshop.com\/index.php\/wp-json\/wp\/v2\/product_tag?post=24533"}],"curies":[{"name":"wp","href":"https:\/\/api.w.org\/{rel}","templated":true}]}}