{"id":24184,"date":"2024-03-05T18:00:52","date_gmt":"2024-03-05T11:00:52","guid":{"rendered":"https:\/\/erialshop.com\/?post_type=product&#038;p=24184"},"modified":"2024-09-20T14:39:09","modified_gmt":"2024-09-20T07:39:09","slug":"tour-cam-dao-3ly-trang-trang","status":"publish","type":"product","link":"https:\/\/www.erialshop.com\/index.php\/product\/tour-cam-dao-3ly-trang-trang\/","title":{"rendered":"Tour Cam \u0110\u00e0o 3ly &#8211; Tr\u0103ng Tr\u1eafng"},"content":{"rendered":"<p><strong>V\u00f2ng tay v\u1edbi \u0111\u00e1 tourmaline t\u00f4ng cam \u0111\u00e0o size 3ly mix charm n\u1eeda v\u1ea7ng tr\u0103ng tr\u1eafng v\u00e0 m\u1ed9t s\u1ed1 chi ti\u1ebft m\u1ea1 v\u00e0ng.<\/strong><\/p>\n<p>Shop c\u00f3 s\u1eb5n chi\u1ebfc y h\u00ecnh d\u00e0i 16cm ho\u1eb7c c\u00e1c b\u1ea1n vui l\u00f2ng li\u00ean h\u1ec7 v\u1edbi shop \u0111\u1ec3 shop tr\u01b0\u1edbc khi \u0111\u1eb7t mua.<\/p>\n<p>K\u00edch th\u01b0\u1edbc charm n\u1eeda v\u1ea7ng tr\u0103ng tr\u1eafng : 1cm x 0.8cm.<\/p>\n<p><b>P.s: \u0110\u1ec3 \u0111\u01b0\u1ee3c shop ph\u1ea3n h\u1ed3i nhanh nh\u1ea5t, c\u00e1c b\u1ea1n vui l\u00f2ng b\u1ea5m v\u00e0o n\u00fat \u201cnh\u1eafn tin qua instagram\u201d \u1edf d\u01b0\u1edbi ch\u1eef \u201cmua ngay\u201d nh\u00e9.<\/b><\/p>\n","protected":false},"excerpt":{"rendered":"<p>V\u00f2ng tay v\u1edbi \u0111\u00e1 tourmaline t\u00f4ng cam \u0111\u00e0o size 3ly mix charm n\u1eeda v\u1ea7ng tr\u0103ng tr\u1eafng v\u00e0 m\u1ed9t s\u1ed1 chi ti\u1ebft m\u1ea1 v\u00e0ng. Shop c\u00f3 s\u1eb5n chi\u1ebfc y h\u00ecnh d\u00e0i 16cm ho\u1eb7c c\u00e1c b\u1ea1n vui l\u00f2ng li\u00ean h\u1ec7 v\u1edbi shop \u0111\u1ec3 shop tr\u01b0\u1edbc khi \u0111\u1eb7t mua. K\u00edch th\u01b0\u1edbc charm n\u1eeda v\u1ea7ng tr\u0103ng tr\u1eafng : 1cm x 0.8cm. P.s: \u0110\u1ec3 \u0111\u01b0\u1ee3c shop ph\u1ea3n h\u1ed3i nhanh nh\u1ea5t, c\u00e1c b\u1ea1n vui l\u00f2ng b\u1ea5m v\u00e0o n\u00fat \u201cnh\u1eafn tin qua instagram\u201d \u1edf d\u01b0\u1edbi ch\u1eef \u201cmua ngay\u201d nh\u00e9.<\/p>\n","protected":false},"featured_media":24186,"comment_status":"open","ping_status":"closed","template":"","meta":[],"product_brand":[],"product_cat":[284],"product_tag":[339,338],"class_list":{"0":"post-24184","1":"product","2":"type-product","3":"status-publish","4":"has-post-thumbnail","6":"product_cat-vong-tay","7":"product_tag-tourmaline","8":"product_tag-vongtay","9":"pa_color-clay","10":"pa_color-pink","11":"pa_fate-hoa","12":"pa_fate-tho","13":"pa_loai-da-tourmaline","14":"pa_loai-da-vo-so","15":"pa_size-3-ly","16":"pa_style-charms","18":"first","19":"instock","20":"shipping-taxable","21":"purchasable","22":"product-type-simple"},"_links":{"self":[{"href":"https:\/\/www.erialshop.com\/index.php\/wp-json\/wp\/v2\/product\/24184","targetHints":{"allow":["GET"]}}],"collection":[{"href":"https:\/\/www.erialshop.com\/index.php\/wp-json\/wp\/v2\/product"}],"about":[{"href":"https:\/\/www.erialshop.com\/index.php\/wp-json\/wp\/v2\/types\/product"}],"replies":[{"embeddable":true,"href":"https:\/\/www.erialshop.com\/index.php\/wp-json\/wp\/v2\/comments?post=24184"}],"version-history":[{"count":1,"href":"https:\/\/www.erialshop.com\/index.php\/wp-json\/wp\/v2\/product\/24184\/revisions"}],"predecessor-version":[{"id":25371,"href":"https:\/\/www.erialshop.com\/index.php\/wp-json\/wp\/v2\/product\/24184\/revisions\/25371"}],"wp:featuredmedia":[{"embeddable":true,"href":"https:\/\/www.erialshop.com\/index.php\/wp-json\/wp\/v2\/media\/24186"}],"wp:attachment":[{"href":"https:\/\/www.erialshop.com\/index.php\/wp-json\/wp\/v2\/media?parent=24184"}],"wp:term":[{"taxonomy":"product_brand","embeddable":true,"href":"https:\/\/www.erialshop.com\/index.php\/wp-json\/wp\/v2\/product_brand?post=24184"},{"taxonomy":"product_cat","embeddable":true,"href":"https:\/\/www.erialshop.com\/index.php\/wp-json\/wp\/v2\/product_cat?post=24184"},{"taxonomy":"product_tag","embeddable":true,"href":"https:\/\/www.erialshop.com\/index.php\/wp-json\/wp\/v2\/product_tag?post=24184"}],"curies":[{"name":"wp","href":"https:\/\/api.w.org\/{rel}","templated":true}]}}