{"id":24100,"date":"2024-03-12T18:00:40","date_gmt":"2024-03-12T11:00:40","guid":{"rendered":"https:\/\/erialshop.com\/?post_type=product&#038;p=24100"},"modified":"2024-05-15T19:04:50","modified_gmt":"2024-05-15T12:04:50","slug":"moonstone-3ly-trai-cam","status":"publish","type":"product","link":"https:\/\/www.erialshop.com\/index.php\/product\/moonstone-3ly-trai-cam\/","title":{"rendered":"Moonstone 3ly &#8211; Trai Cam"},"content":{"rendered":"<p><strong>V\u00f2ng tay \u0111\u00e1 m\u1eb7t tr\u0103ng h\u1ea1t c\u1eaft gi\u00e1c size 3ly mix ng\u1ecdc trai th\u1eadt m\u00e0u cam pastel v\u00e0 m\u1ed9t s\u1ed1 chi ti\u1ebft m\u1ea1 .<\/strong><\/p>\n<p>Shop c\u00f3 s\u1eb5n chi\u1ebfc y h\u00ecnh v\u1edbi chi\u1ec1u d\u00e0i 16cm ho\u1eb7c c\u00e1c b\u1ea1n\u00a0 l\u00f2ng li\u00ean h\u1ec7 shop shop \u0111\u1ec3 \u0111\u1eb7t l\u00e0m theo chi\u1ec1u d\u00e0i y\u00eau c\u1ea7u ho\u1eb7c t\u01b0 v\u1ea5n tr\u01b0\u1edbc khi b\u1ea5m \u0111\u1eb7t mua.<\/p>\n<p><em><strong>\u0110\u00e1 m\u1eb7t tr\u0103ng<\/strong> trong s\u1ea3n ph\u1ea9m n\u00e0y g\u1ed3m c\u00e1c h\u1ea1t \u0111\u1ee5c, trong ng\u1eabu nhi\u00ean \u00edt l\u1eeda xanh ho\u1eb7c kh\u00f4ng c\u00f3 l\u1eeda nha. B\u1ea1n n\u00e0o c\u1ea7n moonstone cao c\u1ea5p inbox shop nh\u00e9.<\/em><\/p>\n<p><strong style=\"letter-spacing: 0px;\">P.s: \u0110\u1ec3 \u0111\u01b0\u1ee3c shop ph\u1ea3n h\u1ed3i nhanh nh\u1ea5t, c\u00e1c b\u1ea1n vui l\u00f2ng b\u1ea5m v\u00e0o n\u00fat \u201cnh\u1eafn tin qua instagram\u201d \u1edf d\u01b0\u1edbi ch\u1eef \u201cmua ngay\u201d nh\u00e9.<\/strong><\/p>\n","protected":false},"excerpt":{"rendered":"<p>V\u00f2ng tay \u0111\u00e1 m\u1eb7t tr\u0103ng h\u1ea1t c\u1eaft gi\u00e1c size 3ly mix ng\u1ecdc trai th\u1eadt m\u00e0u cam pastel v\u00e0 m\u1ed9t s\u1ed1 chi ti\u1ebft m\u1ea1 . Shop c\u00f3 s\u1eb5n chi\u1ebfc y h\u00ecnh v\u1edbi chi\u1ec1u d\u00e0i 16cm ho\u1eb7c c\u00e1c b\u1ea1n\u00a0 l\u00f2ng li\u00ean h\u1ec7 shop shop \u0111\u1ec3 \u0111\u1eb7t l\u00e0m theo chi\u1ec1u d\u00e0i y\u00eau c\u1ea7u ho\u1eb7c t\u01b0 v\u1ea5n tr\u01b0\u1edbc khi b\u1ea5m \u0111\u1eb7t mua. \u0110\u00e1 m\u1eb7t tr\u0103ng trong s\u1ea3n ph\u1ea9m n\u00e0y g\u1ed3m c\u00e1c h\u1ea1t \u0111\u1ee5c, trong ng\u1eabu nhi\u00ean \u00edt l\u1eeda xanh ho\u1eb7c kh\u00f4ng c\u00f3 l\u1eeda nha. B\u1ea1n n\u00e0o c\u1ea7n moonstone cao c\u1ea5p inbox shop nh\u00e9. P.s: \u0110\u1ec3 \u0111\u01b0\u1ee3c shop ph\u1ea3n h\u1ed3i nhanh nh\u1ea5t, c\u00e1c b\u1ea1n vui l\u00f2ng b\u1ea5m v\u00e0o n\u00fat \u201cnh\u1eafn tin qua instagram\u201d \u1edf d\u01b0\u1edbi ch\u1eef \u201cmua ngay\u201d nh\u00e9.<\/p>\n","protected":false},"featured_media":24192,"comment_status":"open","ping_status":"closed","template":"","meta":[],"product_brand":[],"product_cat":[284],"product_tag":[411,370,338],"class_list":{"0":"post-24100","1":"product","2":"type-product","3":"status-publish","4":"has-post-thumbnail","6":"product_cat-vong-tay","7":"product_tag-renhat","8":"product_tag-thachanhtrang","9":"product_tag-vongtay","10":"pa_color-clay","11":"pa_color-white","12":"pa_fate-kim","13":"pa_fate-thuy","14":"pa_loai-da-moonstone","15":"pa_loai-da-ngoc-trai","16":"pa_size-3-ly","17":"pa_style-mixed","19":"first","20":"instock","21":"featured","22":"shipping-taxable","23":"purchasable","24":"product-type-simple"},"_links":{"self":[{"href":"https:\/\/www.erialshop.com\/index.php\/wp-json\/wp\/v2\/product\/24100","targetHints":{"allow":["GET"]}}],"collection":[{"href":"https:\/\/www.erialshop.com\/index.php\/wp-json\/wp\/v2\/product"}],"about":[{"href":"https:\/\/www.erialshop.com\/index.php\/wp-json\/wp\/v2\/types\/product"}],"replies":[{"embeddable":true,"href":"https:\/\/www.erialshop.com\/index.php\/wp-json\/wp\/v2\/comments?post=24100"}],"version-history":[{"count":0,"href":"https:\/\/www.erialshop.com\/index.php\/wp-json\/wp\/v2\/product\/24100\/revisions"}],"wp:featuredmedia":[{"embeddable":true,"href":"https:\/\/www.erialshop.com\/index.php\/wp-json\/wp\/v2\/media\/24192"}],"wp:attachment":[{"href":"https:\/\/www.erialshop.com\/index.php\/wp-json\/wp\/v2\/media?parent=24100"}],"wp:term":[{"taxonomy":"product_brand","embeddable":true,"href":"https:\/\/www.erialshop.com\/index.php\/wp-json\/wp\/v2\/product_brand?post=24100"},{"taxonomy":"product_cat","embeddable":true,"href":"https:\/\/www.erialshop.com\/index.php\/wp-json\/wp\/v2\/product_cat?post=24100"},{"taxonomy":"product_tag","embeddable":true,"href":"https:\/\/www.erialshop.com\/index.php\/wp-json\/wp\/v2\/product_tag?post=24100"}],"curies":[{"name":"wp","href":"https:\/\/api.w.org\/{rel}","templated":true}]}}