{"id":23685,"date":"2023-11-24T18:21:08","date_gmt":"2023-11-24T11:21:08","guid":{"rendered":"https:\/\/erialshop.com\/?post_type=product&#038;p=23685"},"modified":"2024-10-24T20:50:04","modified_gmt":"2024-10-24T13:50:04","slug":"tourmaline-tho-da-sac","status":"publish","type":"product","link":"https:\/\/www.erialshop.com\/index.php\/product\/tourmaline-tho-da-sac\/","title":{"rendered":"Tourmaline Th\u00f4 \u0110a S\u1eafc"},"content":{"rendered":"<p><b>\u00a0V\u00f2ng tay v\u1edbi \u0111\u00e1 tourmaline \u0111a m\u00e0u s\u1eafc d\u1ea1ng th\u00f4 kh\u00f4ng h\u00ecnh d\u1ea1ng mix bi c\u00f9ng m\u1ed9t s\u1ed1 chi ti\u1ebft m\u1ea1 v\u00e0ng.<\/b><\/p>\n<p><span style=\"letter-spacing: 0px;\">Shop c\u00f3 s\u1eb5n 2 chi\u1ebfc na n\u00e1 h\u00ecnh v\u1edbi chi\u1ec1u d\u00e0i 16-16,2cm ho\u1eb7c c\u00e1c b\u1ea1n c\u00f3 th\u1ec3 li\u00ean h\u1ec7 v\u1edbi shop \u0111\u1ec3 \u0111\u01b0\u1ee3c t\u01b0 v\u1ea5n k\u1ef9 tr\u01b0\u1edbc khi \u0111\u1eb7t mua.<\/span><\/p>\n<p><em>L\u01b0u \u00fd: M\u00e0u c\u1ee7a \u0111\u00e1 s\u1ebd \u0111\u1eadm h\u01a1n trong h\u00ecnh v\u00ec \u0111i\u1ec1u ki\u1ec7n ch\u1ee5p kh\u00e1 s\u00e1ng, c\u00e1c b\u1ea1n inbox shop \u0111\u1ec3 l\u1ea5y th\u00eam h\u00ecnh nha.<\/em><\/p>\n<p><strong>P.s: \u0110\u1ec3 \u0111\u01b0\u1ee3c shop ph\u1ea3n h\u1ed3i nhanh nh\u1ea5t, c\u00e1c b\u1ea1n vui l\u00f2ng b\u1ea5m v\u00e0o n\u00fat \u201cnh\u1eafn tin qua instagram\u201d \u1edf d\u01b0\u1edbi ch\u1eef \u201cmua ngay\u201d nh\u00e9.<\/strong><\/p>\n","protected":false},"excerpt":{"rendered":"<p>\u00a0V\u00f2ng tay v\u1edbi \u0111\u00e1 tourmaline \u0111a m\u00e0u s\u1eafc d\u1ea1ng th\u00f4 kh\u00f4ng h\u00ecnh d\u1ea1ng mix bi c\u00f9ng m\u1ed9t s\u1ed1 chi ti\u1ebft m\u1ea1 v\u00e0ng. Shop c\u00f3 s\u1eb5n 2 chi\u1ebfc na n\u00e1 h\u00ecnh v\u1edbi chi\u1ec1u d\u00e0i 16-16,2cm ho\u1eb7c c\u00e1c b\u1ea1n c\u00f3 th\u1ec3 li\u00ean h\u1ec7 v\u1edbi shop \u0111\u1ec3 \u0111\u01b0\u1ee3c t\u01b0 v\u1ea5n k\u1ef9 tr\u01b0\u1edbc khi \u0111\u1eb7t mua. L\u01b0u \u00fd: M\u00e0u c\u1ee7a \u0111\u00e1 s\u1ebd \u0111\u1eadm h\u01a1n trong h\u00ecnh v\u00ec \u0111i\u1ec1u ki\u1ec7n ch\u1ee5p kh\u00e1 s\u00e1ng, c\u00e1c b\u1ea1n inbox shop \u0111\u1ec3 l\u1ea5y th\u00eam h\u00ecnh nha. P.s: \u0110\u1ec3 \u0111\u01b0\u1ee3c shop ph\u1ea3n h\u1ed3i nhanh nh\u1ea5t, c\u00e1c b\u1ea1n vui l\u00f2ng b\u1ea5m v\u00e0o n\u00fat \u201cnh\u1eafn tin qua instagram\u201d \u1edf d\u01b0\u1edbi ch\u1eef \u201cmua ngay\u201d nh\u00e9.<\/p>\n","protected":false},"featured_media":23687,"comment_status":"open","ping_status":"closed","template":"","meta":[],"product_brand":[],"product_cat":[284],"product_tag":[339,338],"class_list":{"0":"post-23685","1":"product","2":"type-product","3":"status-publish","4":"has-post-thumbnail","6":"product_cat-vong-tay","7":"product_tag-tourmaline","8":"product_tag-vongtay","9":"pa_color-da-sac","10":"pa_loai-da-tourmaline","11":"pa_size-vun","12":"pa_style-mixed","14":"first","15":"instock","16":"sale","17":"shipping-taxable","18":"purchasable","19":"product-type-simple"},"_links":{"self":[{"href":"https:\/\/www.erialshop.com\/index.php\/wp-json\/wp\/v2\/product\/23685","targetHints":{"allow":["GET"]}}],"collection":[{"href":"https:\/\/www.erialshop.com\/index.php\/wp-json\/wp\/v2\/product"}],"about":[{"href":"https:\/\/www.erialshop.com\/index.php\/wp-json\/wp\/v2\/types\/product"}],"replies":[{"embeddable":true,"href":"https:\/\/www.erialshop.com\/index.php\/wp-json\/wp\/v2\/comments?post=23685"}],"version-history":[{"count":1,"href":"https:\/\/www.erialshop.com\/index.php\/wp-json\/wp\/v2\/product\/23685\/revisions"}],"predecessor-version":[{"id":25541,"href":"https:\/\/www.erialshop.com\/index.php\/wp-json\/wp\/v2\/product\/23685\/revisions\/25541"}],"wp:featuredmedia":[{"embeddable":true,"href":"https:\/\/www.erialshop.com\/index.php\/wp-json\/wp\/v2\/media\/23687"}],"wp:attachment":[{"href":"https:\/\/www.erialshop.com\/index.php\/wp-json\/wp\/v2\/media?parent=23685"}],"wp:term":[{"taxonomy":"product_brand","embeddable":true,"href":"https:\/\/www.erialshop.com\/index.php\/wp-json\/wp\/v2\/product_brand?post=23685"},{"taxonomy":"product_cat","embeddable":true,"href":"https:\/\/www.erialshop.com\/index.php\/wp-json\/wp\/v2\/product_cat?post=23685"},{"taxonomy":"product_tag","embeddable":true,"href":"https:\/\/www.erialshop.com\/index.php\/wp-json\/wp\/v2\/product_tag?post=23685"}],"curies":[{"name":"wp","href":"https:\/\/api.w.org\/{rel}","templated":true}]}}