{"id":23521,"date":"2023-01-30T18:01:48","date_gmt":"2023-01-30T11:01:48","guid":{"rendered":"https:\/\/erialshop.com\/?post_type=product&#038;p=23521"},"modified":"2024-09-20T14:35:01","modified_gmt":"2024-09-20T07:35:01","slug":"tour-4ly-ngoc-trai-den-hoac-den-reu","status":"publish","type":"product","link":"https:\/\/www.erialshop.com\/index.php\/product\/tour-4ly-ngoc-trai-den-hoac-den-reu\/","title":{"rendered":"Tour 4ly &#038; Ng\u1ecdc Trai &#8211; \u0110en Ho\u1eb7c \u0110en R\u00eau"},"content":{"rendered":"<p><strong>V\u00f2ng c\u1ed5 v\u1edbi \u0111\u00e1 tourmaline t\u00f4ng\u00a0 ho\u1eb7c \u0111en xanh r\u00eau size 4ly mix c\u00f9ng ng\u1ecdc trai tr\u1eafng c\u00f9ng m\u1ed9t s\u1ed1 chi ti\u1ebft m\u1ea1 v\u00e0ng.<\/strong><\/p>\n<p>Shop c\u00f3 chi\u1ebfc y h\u00ecnh d\u00e0i 16cm ho\u1eb7c c\u00e1c b\u1ea1n c\u00f3 th\u1ec3 inbox shop \u0111\u1ec3 \u0111\u1eb7t l\u00e0m theo chi\u1ec1u d\u00e0i y\u00eau c\u1ea7u nh\u00e9.<\/p>\n<p>L\u01b0u \u00fd: \u0111\u1ed1i v\u1edbi \u0111\u00e1 tourmaline th\u00ec m\u00e0u c\u1ee7a \u0111\u00e1 th\u01b0\u1eddng s\u1ebd ho\u00e0 l\u1eabn \u00edt ho\u1eb7c nhi\u1ec1u m\u00e0u trong c\u00f9ng 1 h\u1ea1t n\u00ean nh\u01b0 chi\u1ebfc trong h\u00ecnh th\u00ec n\u00f3 s\u1ebd kh\u00f4ng h\u1eb3n m\u00e0u \u0111en tuy\u1ec1n m\u00e0 h\u1ea1t c\u00f3 l\u1eabn m\u00e0u xanh l\u00e1, xanh d\u01b0\u01a1ng..<\/p>\n<p><b>P.s: \u0110\u1ec3 \u0111\u01b0\u1ee3c shop ph\u1ea3n h\u1ed3i nhanh nh\u1ea5t, c\u00e1c b\u1ea1n vui l\u00f2ng b\u1ea5m v\u00e0o n\u00fat \u201cnh\u1eafn tin qua instagram\u201d \u1edf d\u01b0\u1edbi ch\u1eef \u201cmua ngay\u201d nh\u00e9.<\/b><\/p>\n","protected":false},"excerpt":{"rendered":"<p>V\u00f2ng c\u1ed5 v\u1edbi \u0111\u00e1 tourmaline t\u00f4ng\u00a0 ho\u1eb7c \u0111en xanh r\u00eau size 4ly mix c\u00f9ng ng\u1ecdc trai tr\u1eafng c\u00f9ng m\u1ed9t s\u1ed1 chi ti\u1ebft m\u1ea1 v\u00e0ng. Shop c\u00f3 chi\u1ebfc y h\u00ecnh d\u00e0i 16cm ho\u1eb7c c\u00e1c b\u1ea1n c\u00f3 th\u1ec3 inbox shop \u0111\u1ec3 \u0111\u1eb7t l\u00e0m theo chi\u1ec1u d\u00e0i y\u00eau c\u1ea7u nh\u00e9. L\u01b0u \u00fd: \u0111\u1ed1i v\u1edbi \u0111\u00e1 tourmaline th\u00ec m\u00e0u c\u1ee7a \u0111\u00e1 th\u01b0\u1eddng s\u1ebd ho\u00e0 l\u1eabn \u00edt ho\u1eb7c nhi\u1ec1u m\u00e0u trong c\u00f9ng 1 h\u1ea1t n\u00ean nh\u01b0 chi\u1ebfc trong h\u00ecnh th\u00ec n\u00f3 s\u1ebd kh\u00f4ng h\u1eb3n m\u00e0u \u0111en tuy\u1ec1n m\u00e0 h\u1ea1t c\u00f3 l\u1eabn m\u00e0u xanh l\u00e1, xanh d\u01b0\u01a1ng.. P.s: \u0110\u1ec3 \u0111\u01b0\u1ee3c shop ph\u1ea3n h\u1ed3i nhanh nh\u1ea5t, c\u00e1c b\u1ea1n vui l\u00f2ng b\u1ea5m v\u00e0o n\u00fat \u201cnh\u1eafn tin qua instagram\u201d \u1edf d\u01b0\u1edbi ch\u1eef \u201cmua ngay\u201d nh\u00e9.<\/p>\n","protected":false},"featured_media":23522,"comment_status":"open","ping_status":"closed","template":"","meta":[],"product_brand":[],"product_cat":[284],"product_tag":[361,339,338],"class_list":{"0":"post-23521","1":"product","2":"type-product","3":"status-publish","4":"has-post-thumbnail","6":"product_cat-vong-tay","7":"product_tag-blacktourmaline","8":"product_tag-tourmaline","9":"product_tag-vongtay","10":"pa_color-black","11":"pa_fate-moc","12":"pa_fate-thuy","13":"pa_loai-da-tourmaline","14":"pa_loai-da-ngoc-trai","15":"pa_size-4-ly","16":"pa_style-mix-ngoc-trai","18":"first","19":"instock","20":"sale","21":"shipping-taxable","22":"purchasable","23":"product-type-simple"},"_links":{"self":[{"href":"https:\/\/www.erialshop.com\/index.php\/wp-json\/wp\/v2\/product\/23521","targetHints":{"allow":["GET"]}}],"collection":[{"href":"https:\/\/www.erialshop.com\/index.php\/wp-json\/wp\/v2\/product"}],"about":[{"href":"https:\/\/www.erialshop.com\/index.php\/wp-json\/wp\/v2\/types\/product"}],"replies":[{"embeddable":true,"href":"https:\/\/www.erialshop.com\/index.php\/wp-json\/wp\/v2\/comments?post=23521"}],"version-history":[{"count":1,"href":"https:\/\/www.erialshop.com\/index.php\/wp-json\/wp\/v2\/product\/23521\/revisions"}],"predecessor-version":[{"id":25368,"href":"https:\/\/www.erialshop.com\/index.php\/wp-json\/wp\/v2\/product\/23521\/revisions\/25368"}],"wp:featuredmedia":[{"embeddable":true,"href":"https:\/\/www.erialshop.com\/index.php\/wp-json\/wp\/v2\/media\/23522"}],"wp:attachment":[{"href":"https:\/\/www.erialshop.com\/index.php\/wp-json\/wp\/v2\/media?parent=23521"}],"wp:term":[{"taxonomy":"product_brand","embeddable":true,"href":"https:\/\/www.erialshop.com\/index.php\/wp-json\/wp\/v2\/product_brand?post=23521"},{"taxonomy":"product_cat","embeddable":true,"href":"https:\/\/www.erialshop.com\/index.php\/wp-json\/wp\/v2\/product_cat?post=23521"},{"taxonomy":"product_tag","embeddable":true,"href":"https:\/\/www.erialshop.com\/index.php\/wp-json\/wp\/v2\/product_tag?post=23521"}],"curies":[{"name":"wp","href":"https:\/\/api.w.org\/{rel}","templated":true}]}}