{"id":23357,"date":"2023-10-24T18:25:13","date_gmt":"2023-10-24T11:25:13","guid":{"rendered":"https:\/\/erialshop.com\/?post_type=product&#038;p=23357"},"modified":"2024-11-13T12:30:26","modified_gmt":"2024-11-13T05:30:26","slug":"co-ngoc-trai-thach-anh-trang","status":"publish","type":"product","link":"https:\/\/www.erialshop.com\/index.php\/product\/co-ngoc-trai-thach-anh-trang\/","title":{"rendered":"C\u1ed5 Ng\u1ecdc Trai &#8211; Th\u1ea1ch Anh Tr\u1eafng"},"content":{"rendered":"<p><strong>V\u00f2ng c\u1ed5 v\u1edbi \u0111\u00e1 th\u1ea1ch anh tr\u1eafng d\u1ea1ng v\u1ee5n mix c\u00f9ng ng\u1ecdc trai th\u1eadt h\u00ecnh b\u00e1nh bao size 5x6ly m\u00e0u h\u1ed3ng v\u00e0 m\u00e0u tr\u1eafng ph\u1ed1i v\u1edbi kho\u00e1 c\u00e0i xinh h\u00ecnh b\u01b0\u1edbm, m\u1ed9t s\u1ed1 chi ti\u1ebft xi m\u1ea1 v\u00e0ng.<\/strong><\/p>\n<p>M\u1eabu v\u00f2ng c\u00f3 th\u1ec3 \u0111eo th\u00e0nh 2 ki\u1ec3u nh\u01b0 h\u00ecnh 1,3 kh\u00e9o kho\u00e1 c\u00f3 charm b\u01b0\u1edbm ra ph\u00eda tr\u01b0\u1edbc ho\u1eb7c k\u00e9o ra sau.\u00a0Shop c\u00f3 s\u1eb5n chi\u1ebfc y h\u00ecnh d\u00e0i 44-45cm ho\u1eb7c c\u00e1c b\u1ea1n c\u00f3 th\u1ec3 li\u00ean h\u1ec7 tr\u01b0\u1edbc v\u1edbi shop \u0111\u1ec3 \u0111\u01b0\u1ee3c t\u01b0 v\u1ea5n k\u0129 tr\u01b0\u1edbc khi \u0111\u1eb7t mua.<\/p>\n<p><em>L\u01b0u \u00fd: Chi\u1ec1u d\u00e0i th\u1eadt c\u1ee7a v\u00f2ng shop c\u00f3 ghi \u1edf tr\u00ean c\u00f2n v\u1ec1 m\u1eb7t th\u1ecb gi\u00e1c nh\u01b0 vi\u1ec7c nh\u00ecn chi\u1ec1u d\u00e0i v\u00f2ng \u01b0\u1edbm l\u00ean c\u1ed5 gi\u1ea3 \u0111\u1ec3 ch\u1ee5p ch\u1ec9 mang t\u00ednh ch\u1ea5t t\u01b0\u1ee3ng tr\u01b0ng v\u00ec c\u1ed5 gi\u1ea3 c\u00f3 k\u00edch th\u01b0\u1edbc b\u00e9 h\u01a1n c\u01a1 th\u1ec3 th\u1eadt c\u1ee7a m\u00ecnh.<\/em><\/p>\n<p><strong>P.s: \u0110\u1ec3 \u0111\u01b0\u1ee3c shop ph\u1ea3n h\u1ed3i nhanh nh\u1ea5t, c\u00e1c b\u1ea1n vui l\u00f2ng b\u1ea5m v\u00e0o n\u00fat \u201cnh\u1eafn tin qua instagram\u201d \u1edf d\u01b0\u1edbi ch\u1eef \u201cmua ngay\u201d nh\u00e9.<\/strong><\/p>\n","protected":false},"excerpt":{"rendered":"<p>V\u00f2ng c\u1ed5 v\u1edbi \u0111\u00e1 th\u1ea1ch anh tr\u1eafng d\u1ea1ng v\u1ee5n mix c\u00f9ng ng\u1ecdc trai th\u1eadt h\u00ecnh b\u00e1nh bao size 5x6ly m\u00e0u h\u1ed3ng v\u00e0 m\u00e0u tr\u1eafng ph\u1ed1i v\u1edbi kho\u00e1 c\u00e0i xinh h\u00ecnh b\u01b0\u1edbm, m\u1ed9t s\u1ed1 chi ti\u1ebft xi m\u1ea1 v\u00e0ng. M\u1eabu v\u00f2ng c\u00f3 th\u1ec3 \u0111eo th\u00e0nh 2 ki\u1ec3u nh\u01b0 h\u00ecnh 1,3 kh\u00e9o kho\u00e1 c\u00f3 charm b\u01b0\u1edbm ra ph\u00eda tr\u01b0\u1edbc ho\u1eb7c k\u00e9o ra sau.\u00a0Shop c\u00f3 s\u1eb5n chi\u1ebfc y h\u00ecnh d\u00e0i 44-45cm ho\u1eb7c c\u00e1c b\u1ea1n c\u00f3 th\u1ec3 li\u00ean h\u1ec7 tr\u01b0\u1edbc v\u1edbi shop \u0111\u1ec3 \u0111\u01b0\u1ee3c t\u01b0 v\u1ea5n k\u0129 tr\u01b0\u1edbc khi \u0111\u1eb7t mua. L\u01b0u \u00fd: Chi\u1ec1u d\u00e0i th\u1eadt c\u1ee7a v\u00f2ng shop c\u00f3 ghi \u1edf tr\u00ean c\u00f2n v\u1ec1 m\u1eb7t th\u1ecb gi\u00e1c nh\u01b0 vi\u1ec7c nh\u00ecn chi\u1ec1u d\u00e0i v\u00f2ng \u01b0\u1edbm l\u00ean c\u1ed5 gi\u1ea3 \u0111\u1ec3 ch\u1ee5p ch\u1ec9 mang t\u00ednh ch\u1ea5t t\u01b0\u1ee3ng tr\u01b0ng v\u00ec c\u1ed5 gi\u1ea3 c\u00f3 k\u00edch th\u01b0\u1edbc b\u00e9 h\u01a1n c\u01a1 th\u1ec3 th\u1eadt c\u1ee7a m\u00ecnh. P.s: \u0110\u1ec3 \u0111\u01b0\u1ee3c shop ph\u1ea3n h\u1ed3i nhanh nh\u1ea5t, c\u00e1c b\u1ea1n vui l\u00f2ng b\u1ea5m v\u00e0o n\u00fat \u201cnh\u1eafn tin qua instagram\u201d \u1edf d\u01b0\u1edbi ch\u1eef \u201cmua ngay\u201d nh\u00e9.<\/p>\n","protected":false},"featured_media":23343,"comment_status":"open","ping_status":"closed","template":"","meta":[],"product_brand":[],"product_cat":[285],"product_tag":[394,424,468,405,339,359],"class_list":{"0":"post-23357","1":"product","2":"type-product","3":"status-publish","4":"has-post-thumbnail","6":"product_cat-vong-co","7":"product_tag-candytourmaline","8":"product_tag-ngoctrai","9":"product_tag-pearl","10":"product_tag-tourkeo","11":"product_tag-tourmaline","12":"product_tag-vongco","13":"pa_color-pink","14":"pa_color-white","15":"pa_loai-da-ngoc-trai","16":"pa_loai-da-thach-anh-trang","17":"pa_size-vun","18":"pa_size-6-ly","19":"pa_style-mixed","20":"pa_style-mix-ngoc-trai","22":"first","23":"instock","24":"sale","25":"shipping-taxable","26":"purchasable","27":"product-type-simple"},"_links":{"self":[{"href":"https:\/\/www.erialshop.com\/index.php\/wp-json\/wp\/v2\/product\/23357","targetHints":{"allow":["GET"]}}],"collection":[{"href":"https:\/\/www.erialshop.com\/index.php\/wp-json\/wp\/v2\/product"}],"about":[{"href":"https:\/\/www.erialshop.com\/index.php\/wp-json\/wp\/v2\/types\/product"}],"replies":[{"embeddable":true,"href":"https:\/\/www.erialshop.com\/index.php\/wp-json\/wp\/v2\/comments?post=23357"}],"version-history":[{"count":1,"href":"https:\/\/www.erialshop.com\/index.php\/wp-json\/wp\/v2\/product\/23357\/revisions"}],"predecessor-version":[{"id":25651,"href":"https:\/\/www.erialshop.com\/index.php\/wp-json\/wp\/v2\/product\/23357\/revisions\/25651"}],"wp:featuredmedia":[{"embeddable":true,"href":"https:\/\/www.erialshop.com\/index.php\/wp-json\/wp\/v2\/media\/23343"}],"wp:attachment":[{"href":"https:\/\/www.erialshop.com\/index.php\/wp-json\/wp\/v2\/media?parent=23357"}],"wp:term":[{"taxonomy":"product_brand","embeddable":true,"href":"https:\/\/www.erialshop.com\/index.php\/wp-json\/wp\/v2\/product_brand?post=23357"},{"taxonomy":"product_cat","embeddable":true,"href":"https:\/\/www.erialshop.com\/index.php\/wp-json\/wp\/v2\/product_cat?post=23357"},{"taxonomy":"product_tag","embeddable":true,"href":"https:\/\/www.erialshop.com\/index.php\/wp-json\/wp\/v2\/product_tag?post=23357"}],"curies":[{"name":"wp","href":"https:\/\/api.w.org\/{rel}","templated":true}]}}