{"id":22942,"date":"2023-08-04T22:46:07","date_gmt":"2023-08-04T15:46:07","guid":{"rendered":"https:\/\/erialshop.com\/?post_type=product&#038;p=22942"},"modified":"2023-12-05T16:00:40","modified_gmt":"2023-12-05T09:00:40","slug":"tour-dan-hoa-2ly-duong-hong","status":"publish","type":"product","link":"https:\/\/www.erialshop.com\/index.php\/product\/tour-dan-hoa-2ly-duong-hong\/","title":{"rendered":"Tour \u0110an Hoa 2ly &#8211; Pink Blue"},"content":{"rendered":"<p><strong>V\u00f2ng tay \u0111an c\u00e1c d\u00e3y hoa li\u1ec1n k\u1ec1 b\u1eb1ng \u0111\u00e1 tourmaline 2ly v\u1edbi hoa n\u0103m c\u00e1nh m\u00e0u h\u1ed3ng, xanh d\u01b0\u01a1ng v\u00e0 xen c\u00e1c h\u1ea1t m\u00e0u \u0111en c\u00f9ng c\u00e1c chi ti\u1ebft m\u1ea1 v\u00e0ng.<\/strong><\/p>\n<p>Shop c\u00f3 s\u1eb5n chi\u1ebfc y h\u00ecnh 15cm( c\u00f2n gi\u00e3n) v\u1eeba c\u1ed5 tay \u0111o s\u00e1t 13.5-14cm ho\u1eb7c c\u00e1c b\u1ea1n c\u00f3 th\u1ec3 li\u00ean h\u1ec7 tr\u01b0\u1edbc v\u1edbi shop \u0111\u1ec3 \u0111\u01b0\u1ee3c t\u01b0 v\u1ea5n k\u0129 l\u01b0\u1ee1ng tr\u01b0\u1edbc khi \u0111\u1eb7t mua.<\/p>\n<p>L\u01b0u \u00fd: \u0111\u1ed1i v\u1edbi \u0111\u00e1 tourmaline n\u00ean khi \u0111\u1eb7t l\u00e0m chi\u1ebfc kh\u00e1c theo tay th\u00ec chi\u1ebfc v\u00f2ng s\u1ebd kh\u00f4ng h\u1eb3n gi\u1ed1ng ho\u00e0n to\u00e0n m\u00e0 c\u00f3 \u0111\u00f4i ch\u00fat kh\u00e1c bi\u1ec7t v\u00ec d\u00e3y m\u00e0u \u0111\u1eadm nh\u1ea1t t\u1ef1 nhi\u00ean c\u1ee7a d\u00e1.<\/p>\n<p>\u0110\u00e2y l\u00e0 m\u1eabu v\u00f2ng \u0111eo b\u1ec1 ngang, \u00f4m tay v\u00e0 c\u1ea7n s\u1ef1 nh\u1eb9 nh\u00e0ng nh\u00e9. Do \u0111\u1ec3 \u0111an h\u1ea1t 2ly \u0111\u01b0\u1ee3c shop kh\u00f4ng d\u00f9ng c\u01b0\u1edbc qu\u00e1 d\u00e0y \u1ea1.<\/p>\n<p><strong>p.s: \u0110\u1ec3 \u0111\u01b0\u1ee3c shop ph\u1ea3n h\u1ed3i nhanh nh\u1ea5t, c\u00e1c b\u1ea1n vui l\u00f2ng b\u1ea5m v\u00e0o n\u00fat \u201cnh\u1eafn tin qua instagram\u201d \u1edf d\u01b0\u1edbi ch\u1eef \u201cmua ngay\u201d nh\u00e9.<\/strong><\/p>\n","protected":false},"excerpt":{"rendered":"<p>V\u00f2ng tay \u0111an c\u00e1c d\u00e3y hoa li\u1ec1n k\u1ec1 b\u1eb1ng \u0111\u00e1 tourmaline 2ly v\u1edbi hoa n\u0103m c\u00e1nh m\u00e0u h\u1ed3ng, xanh d\u01b0\u01a1ng v\u00e0 xen c\u00e1c h\u1ea1t m\u00e0u \u0111en c\u00f9ng c\u00e1c chi ti\u1ebft m\u1ea1 v\u00e0ng. Shop c\u00f3 s\u1eb5n chi\u1ebfc y h\u00ecnh 15cm( c\u00f2n gi\u00e3n) v\u1eeba c\u1ed5 tay \u0111o s\u00e1t 13.5-14cm ho\u1eb7c c\u00e1c b\u1ea1n c\u00f3 th\u1ec3 li\u00ean h\u1ec7 tr\u01b0\u1edbc v\u1edbi shop \u0111\u1ec3 \u0111\u01b0\u1ee3c t\u01b0 v\u1ea5n k\u0129 l\u01b0\u1ee1ng tr\u01b0\u1edbc khi \u0111\u1eb7t mua. L\u01b0u \u00fd: \u0111\u1ed1i v\u1edbi \u0111\u00e1 tourmaline n\u00ean khi \u0111\u1eb7t l\u00e0m chi\u1ebfc kh\u00e1c theo tay th\u00ec chi\u1ebfc v\u00f2ng s\u1ebd kh\u00f4ng h\u1eb3n gi\u1ed1ng ho\u00e0n to\u00e0n m\u00e0 c\u00f3 \u0111\u00f4i ch\u00fat kh\u00e1c bi\u1ec7t v\u00ec d\u00e3y m\u00e0u \u0111\u1eadm nh\u1ea1t t\u1ef1 nhi\u00ean c\u1ee7a d\u00e1. \u0110\u00e2y l\u00e0 m\u1eabu v\u00f2ng \u0111eo b\u1ec1 ngang, \u00f4m tay v\u00e0 c\u1ea7n s\u1ef1 nh\u1eb9 nh\u00e0ng nh\u00e9. Do \u0111\u1ec3 \u0111an h\u1ea1t 2ly \u0111\u01b0\u1ee3c shop kh\u00f4ng d\u00f9ng c\u01b0\u1edbc qu\u00e1 d\u00e0y \u1ea1. p.s: \u0110\u1ec3 \u0111\u01b0\u1ee3c shop ph\u1ea3n h\u1ed3i nhanh nh\u1ea5t, c\u00e1c b\u1ea1n vui l\u00f2ng b\u1ea5m v\u00e0o n\u00fat \u201cnh\u1eafn tin qua instagram\u201d \u1edf d\u01b0\u1edbi ch\u1eef \u201cmua ngay\u201d nh\u00e9.<\/p>\n","protected":false},"featured_media":22944,"comment_status":"open","ping_status":"closed","template":"","meta":[],"product_brand":[],"product_cat":[284],"product_tag":[393,410,339,338],"class_list":{"0":"post-22942","1":"product","2":"type-product","3":"status-publish","4":"has-post-thumbnail","6":"product_cat-vong-tay","7":"product_tag-danhoa","8":"product_tag-tourhong","9":"product_tag-tourmaline","10":"product_tag-vongtay","11":"pa_color-pink","12":"pa_color-blue","13":"pa_loai-da-tourmaline","14":"pa_size-2-ly","15":"pa_style-dan-hoa","17":"first","18":"instock","19":"shipping-taxable","20":"purchasable","21":"product-type-simple"},"_links":{"self":[{"href":"https:\/\/www.erialshop.com\/index.php\/wp-json\/wp\/v2\/product\/22942","targetHints":{"allow":["GET"]}}],"collection":[{"href":"https:\/\/www.erialshop.com\/index.php\/wp-json\/wp\/v2\/product"}],"about":[{"href":"https:\/\/www.erialshop.com\/index.php\/wp-json\/wp\/v2\/types\/product"}],"replies":[{"embeddable":true,"href":"https:\/\/www.erialshop.com\/index.php\/wp-json\/wp\/v2\/comments?post=22942"}],"version-history":[{"count":0,"href":"https:\/\/www.erialshop.com\/index.php\/wp-json\/wp\/v2\/product\/22942\/revisions"}],"wp:featuredmedia":[{"embeddable":true,"href":"https:\/\/www.erialshop.com\/index.php\/wp-json\/wp\/v2\/media\/22944"}],"wp:attachment":[{"href":"https:\/\/www.erialshop.com\/index.php\/wp-json\/wp\/v2\/media?parent=22942"}],"wp:term":[{"taxonomy":"product_brand","embeddable":true,"href":"https:\/\/www.erialshop.com\/index.php\/wp-json\/wp\/v2\/product_brand?post=22942"},{"taxonomy":"product_cat","embeddable":true,"href":"https:\/\/www.erialshop.com\/index.php\/wp-json\/wp\/v2\/product_cat?post=22942"},{"taxonomy":"product_tag","embeddable":true,"href":"https:\/\/www.erialshop.com\/index.php\/wp-json\/wp\/v2\/product_tag?post=22942"}],"curies":[{"name":"wp","href":"https:\/\/api.w.org\/{rel}","templated":true}]}}