{"id":21820,"date":"2024-04-21T18:27:11","date_gmt":"2024-04-21T11:27:11","guid":{"rendered":"https:\/\/erialshop.com\/?post_type=product&#038;p=21820"},"modified":"2024-04-16T15:13:48","modified_gmt":"2024-04-16T08:13:48","slug":"ruby-2ly","status":"publish","type":"product","link":"https:\/\/www.erialshop.com\/index.php\/product\/ruby-2ly\/","title":{"rendered":"V\u00f2ng c\u1ed5 Ruby 2ly"},"content":{"rendered":"<p><strong>V\u00f2ng c\u1ed5 \u0111\u00e1 ruby h\u1ed3ng size 2ly c\u1eaft gi\u00e1c, m\u1eabu d\u00e2y \u0111\u01a1n gi\u1ea3n ph\u1ed1i c\u00f9ng m\u1ed9t s\u1ed1 chi ti\u1ebft xi m\u1ea1.<\/strong><\/p>\n<p>Ruby c\u00f3 m\u00e0u s\u1eafc tr\u1ea3i d\u00e0i t\u1eeb h\u1ed3ng \u0111\u1eadm \u0111\u1ebfn \u0111\u1ecf s\u1eabm. Ruby thi\u00ean nhi\u00ean \u0111\u1ec1u c\u00f3 khuy\u1ebft \u0111i\u1ec3m v\u00e0 l\u1eabn m\u00e0u t\u1ea1p v\u00e0 c\u00e1c tinh th\u1ec3 d\u1ea1ng kim c\u1ee7a rutit (c\u00e1c b\u1ea1n quan s\u00e1t s\u1ebd th\u1ea5y \u0111\u1ea7y b\u1ecdt kh\u00ed tr\u00ean vi\u00ean \u0111\u00e1).<\/p>\n<p>Shop nh\u1eadn ch\u1ec9nh l\u1ea1i theo chi\u1ec1u d\u00e0i choker theo y\u00eau c\u1ea7u ho\u1eb7c c\u00e1c b\u1ea1n c\u00f3 th\u1ec3 li\u00ean h\u1ec7 v\u1edbi shop \u0111\u1ec3 \u0111\u01b0\u1ee3c t\u01b0 v\u1ea5n k\u0129 tr\u01b0\u1edbc khi mua.<\/p>\n<p><em>L\u01b0u \u00fd: Chi\u1ec1u d\u00e0i th\u1eadt c\u1ee7a v\u00f2ng shop c\u00f3 ghi \u1edf tr\u00ean c\u00f2n v\u1ec1 m\u1eb7t th\u1ecb gi\u00e1c nh\u01b0 vi\u1ec7c nh\u00ecn chi\u1ec1u d\u00e0i v\u00f2ng \u01b0\u1edbm l\u00ean c\u1ed5 gi\u1ea3 \u0111\u1ec3 ch\u1ee5p ch\u1ec9 mang t\u00ednh ch\u1ea5t t\u01b0\u1ee3ng tr\u01b0ng v\u00ec c\u1ed5 gi\u1ea3 c\u00f3 k\u00edch th\u01b0\u1edbc b\u00e9 h\u01a1n c\u01a1 th\u1ec3 th\u1eadt c\u1ee7a m\u00ecnh.<\/em><\/p>\n<p class=\"p1\"><b>P.s: \u0110\u1ec3 \u0111\u01b0\u1ee3c shop ph\u1ea3n h\u1ed3i nhanh nh\u1ea5t, c\u00e1c b\u1ea1n vui l\u00f2ng b\u1ea5m v\u00e0o n\u00fat \u201cnh\u1eafn tin qua instagram\u201d \u1edf d\u01b0\u1edbi ch\u1eef \u201cmua ngay\u201d nh\u00e9.<\/b><\/p>\n","protected":false},"excerpt":{"rendered":"<p>V\u00f2ng c\u1ed5 \u0111\u00e1 ruby h\u1ed3ng size 2ly c\u1eaft gi\u00e1c, m\u1eabu d\u00e2y \u0111\u01a1n gi\u1ea3n ph\u1ed1i c\u00f9ng m\u1ed9t s\u1ed1 chi ti\u1ebft xi m\u1ea1. Ruby c\u00f3 m\u00e0u s\u1eafc tr\u1ea3i d\u00e0i t\u1eeb h\u1ed3ng \u0111\u1eadm \u0111\u1ebfn \u0111\u1ecf s\u1eabm. Ruby thi\u00ean nhi\u00ean \u0111\u1ec1u c\u00f3 khuy\u1ebft \u0111i\u1ec3m v\u00e0 l\u1eabn m\u00e0u t\u1ea1p v\u00e0 c\u00e1c tinh th\u1ec3 d\u1ea1ng kim c\u1ee7a rutit (c\u00e1c b\u1ea1n quan s\u00e1t s\u1ebd th\u1ea5y \u0111\u1ea7y b\u1ecdt kh\u00ed tr\u00ean vi\u00ean \u0111\u00e1). Shop nh\u1eadn ch\u1ec9nh l\u1ea1i theo chi\u1ec1u d\u00e0i choker theo y\u00eau c\u1ea7u ho\u1eb7c c\u00e1c b\u1ea1n c\u00f3 th\u1ec3 li\u00ean h\u1ec7 v\u1edbi shop \u0111\u1ec3 \u0111\u01b0\u1ee3c t\u01b0 v\u1ea5n k\u0129 tr\u01b0\u1edbc khi mua. L\u01b0u \u00fd: Chi\u1ec1u d\u00e0i th\u1eadt c\u1ee7a v\u00f2ng shop c\u00f3 ghi \u1edf tr\u00ean c\u00f2n v\u1ec1 m\u1eb7t th\u1ecb gi\u00e1c nh\u01b0 vi\u1ec7c nh\u00ecn chi\u1ec1u d\u00e0i v\u00f2ng \u01b0\u1edbm l\u00ean c\u1ed5 gi\u1ea3 \u0111\u1ec3 ch\u1ee5p ch\u1ec9 mang t\u00ednh ch\u1ea5t t\u01b0\u1ee3ng tr\u01b0ng v\u00ec c\u1ed5 gi\u1ea3 c\u00f3 k\u00edch th\u01b0\u1edbc b\u00e9 h\u01a1n c\u01a1 th\u1ec3 th\u1eadt c\u1ee7a m\u00ecnh. P.s: \u0110\u1ec3 \u0111\u01b0\u1ee3c shop ph\u1ea3n h\u1ed3i nhanh nh\u1ea5t, c\u00e1c b\u1ea1n vui l\u00f2ng b\u1ea5m v\u00e0o n\u00fat \u201cnh\u1eafn tin qua instagram\u201d \u1edf d\u01b0\u1edbi ch\u1eef \u201cmua ngay\u201d nh\u00e9.<\/p>\n","protected":false},"featured_media":21822,"comment_status":"open","ping_status":"closed","template":"","meta":[],"product_brand":[],"product_cat":[285],"product_tag":[],"class_list":{"0":"post-21820","1":"product","2":"type-product","3":"status-publish","4":"has-post-thumbnail","6":"product_cat-vong-co","7":"pa_color-pink","8":"pa_fate-hoa","9":"pa_fate-tho","10":"pa_loai-da-ruby","11":"pa_size-2-ly","12":"pa_style-tron","14":"first","15":"instock","16":"shipping-taxable","17":"purchasable","18":"product-type-simple"},"_links":{"self":[{"href":"https:\/\/www.erialshop.com\/index.php\/wp-json\/wp\/v2\/product\/21820","targetHints":{"allow":["GET"]}}],"collection":[{"href":"https:\/\/www.erialshop.com\/index.php\/wp-json\/wp\/v2\/product"}],"about":[{"href":"https:\/\/www.erialshop.com\/index.php\/wp-json\/wp\/v2\/types\/product"}],"replies":[{"embeddable":true,"href":"https:\/\/www.erialshop.com\/index.php\/wp-json\/wp\/v2\/comments?post=21820"}],"version-history":[{"count":0,"href":"https:\/\/www.erialshop.com\/index.php\/wp-json\/wp\/v2\/product\/21820\/revisions"}],"wp:featuredmedia":[{"embeddable":true,"href":"https:\/\/www.erialshop.com\/index.php\/wp-json\/wp\/v2\/media\/21822"}],"wp:attachment":[{"href":"https:\/\/www.erialshop.com\/index.php\/wp-json\/wp\/v2\/media?parent=21820"}],"wp:term":[{"taxonomy":"product_brand","embeddable":true,"href":"https:\/\/www.erialshop.com\/index.php\/wp-json\/wp\/v2\/product_brand?post=21820"},{"taxonomy":"product_cat","embeddable":true,"href":"https:\/\/www.erialshop.com\/index.php\/wp-json\/wp\/v2\/product_cat?post=21820"},{"taxonomy":"product_tag","embeddable":true,"href":"https:\/\/www.erialshop.com\/index.php\/wp-json\/wp\/v2\/product_tag?post=21820"}],"curies":[{"name":"wp","href":"https:\/\/api.w.org\/{rel}","templated":true}]}}