{"id":21366,"date":"2023-03-07T00:21:18","date_gmt":"2023-03-06T17:21:18","guid":{"rendered":"https:\/\/erialshop.com\/?post_type=product&#038;p=21366"},"modified":"2023-05-21T20:45:11","modified_gmt":"2023-05-21T13:45:11","slug":"mixed-labradorite-3ly","status":"publish","type":"product","link":"https:\/\/www.erialshop.com\/index.php\/product\/mixed-labradorite-3ly\/","title":{"rendered":"Mixed Labradorite 3ly"},"content":{"rendered":"<p><strong>V\u00f2ng tay \u0111\u00e1 labradorite size 3ly ph\u1ed1i xen v\u1edbi d\u00e2y \u0111\u00f4i labra size 1.8ly.<\/strong><\/p>\n<p>M\u1eabu d\u00e2y trong tr\u1ebbo, t\u1ea1o ki\u1ec3u nh\u1eb9 nh\u00e0ng \u0111\u1ee7 l\u00e0m \u0111i\u1ec3m nh\u1ea5n cho chi\u1ebfc v\u00f2ng v\u1edbi m\u1ed9t t\u00f4ng m\u00e0u x\u00e1m nh\u1eb9.<\/p>\n<p>Shop c\u00f3 s\u1eb5n chi\u1ebfc tr\u00ean h\u00ecnh d\u00e0i 16.5cm ( v\u1eeba c\u1ed5 tay 15-15.5cm). C\u00e1c b\u1ea1n c\u00f3 th\u1ec3 li\u00ean h\u1ec7 tr\u01b0\u1edbc v\u1edbi shop \u0111\u1ec3 \u0111\u01b0\u1ee3c t\u01b0 v\u1ea5n k\u0129 l\u01b0\u1ee1ng tr\u01b0\u1edbc khi \u0111\u1eb7t mua.<\/p>\n<p><strong>P.s: \u0110\u1ec3 \u0111\u01b0\u1ee3c shop ph\u1ea3n h\u1ed3i nhanh nh\u1ea5t, c\u00e1c b\u1ea1n vui l\u00f2ng b\u1ea5m v\u00e0o n\u00fat \u201cnh\u1eafn tin qua instagram\u201d \u1edf d\u01b0\u1edbi ch\u1eef \u201cmua ngay\u201d nh\u00e9.<\/strong><\/p>\n","protected":false},"excerpt":{"rendered":"<p>V\u00f2ng tay \u0111\u00e1 labradorite size 3ly ph\u1ed1i xen v\u1edbi d\u00e2y \u0111\u00f4i labra size 1.8ly. M\u1eabu d\u00e2y trong tr\u1ebbo, t\u1ea1o ki\u1ec3u nh\u1eb9 nh\u00e0ng \u0111\u1ee7 l\u00e0m \u0111i\u1ec3m nh\u1ea5n cho chi\u1ebfc v\u00f2ng v\u1edbi m\u1ed9t t\u00f4ng m\u00e0u x\u00e1m nh\u1eb9. Shop c\u00f3 s\u1eb5n chi\u1ebfc tr\u00ean h\u00ecnh d\u00e0i 16.5cm ( v\u1eeba c\u1ed5 tay 15-15.5cm). C\u00e1c b\u1ea1n c\u00f3 th\u1ec3 li\u00ean h\u1ec7 tr\u01b0\u1edbc v\u1edbi shop \u0111\u1ec3 \u0111\u01b0\u1ee3c t\u01b0 v\u1ea5n k\u0129 l\u01b0\u1ee1ng tr\u01b0\u1edbc khi \u0111\u1eb7t mua. P.s: \u0110\u1ec3 \u0111\u01b0\u1ee3c shop ph\u1ea3n h\u1ed3i nhanh nh\u1ea5t, c\u00e1c b\u1ea1n vui l\u00f2ng b\u1ea5m v\u00e0o n\u00fat \u201cnh\u1eafn tin qua instagram\u201d \u1edf d\u01b0\u1edbi ch\u1eef \u201cmua ngay\u201d nh\u00e9.<\/p>\n","protected":false},"featured_media":21367,"comment_status":"open","ping_status":"closed","template":"","meta":[],"product_brand":[],"product_cat":[284],"product_tag":[],"class_list":{"0":"post-21366","1":"product","2":"type-product","3":"status-publish","4":"has-post-thumbnail","6":"product_cat-vong-tay","7":"pa_color-grey","8":"pa_fate-kim","9":"pa_fate-thuy","10":"pa_loai-da-labradorite","11":"pa_size-1-8-ly","12":"pa_size-3-ly","14":"first","15":"instock","16":"shipping-taxable","17":"purchasable","18":"product-type-simple"},"_links":{"self":[{"href":"https:\/\/www.erialshop.com\/index.php\/wp-json\/wp\/v2\/product\/21366","targetHints":{"allow":["GET"]}}],"collection":[{"href":"https:\/\/www.erialshop.com\/index.php\/wp-json\/wp\/v2\/product"}],"about":[{"href":"https:\/\/www.erialshop.com\/index.php\/wp-json\/wp\/v2\/types\/product"}],"replies":[{"embeddable":true,"href":"https:\/\/www.erialshop.com\/index.php\/wp-json\/wp\/v2\/comments?post=21366"}],"version-history":[{"count":0,"href":"https:\/\/www.erialshop.com\/index.php\/wp-json\/wp\/v2\/product\/21366\/revisions"}],"wp:featuredmedia":[{"embeddable":true,"href":"https:\/\/www.erialshop.com\/index.php\/wp-json\/wp\/v2\/media\/21367"}],"wp:attachment":[{"href":"https:\/\/www.erialshop.com\/index.php\/wp-json\/wp\/v2\/media?parent=21366"}],"wp:term":[{"taxonomy":"product_brand","embeddable":true,"href":"https:\/\/www.erialshop.com\/index.php\/wp-json\/wp\/v2\/product_brand?post=21366"},{"taxonomy":"product_cat","embeddable":true,"href":"https:\/\/www.erialshop.com\/index.php\/wp-json\/wp\/v2\/product_cat?post=21366"},{"taxonomy":"product_tag","embeddable":true,"href":"https:\/\/www.erialshop.com\/index.php\/wp-json\/wp\/v2\/product_tag?post=21366"}],"curies":[{"name":"wp","href":"https:\/\/api.w.org\/{rel}","templated":true}]}}