{"id":21212,"date":"2023-02-22T12:49:58","date_gmt":"2023-02-22T05:49:58","guid":{"rendered":"https:\/\/erialshop.com\/?post_type=product&#038;p=21212"},"modified":"2023-09-05T13:30:22","modified_gmt":"2023-09-05T06:30:22","slug":"moonstone-7ly","status":"publish","type":"product","link":"https:\/\/www.erialshop.com\/index.php\/product\/moonstone-7ly\/","title":{"rendered":"Moonstone 7ly"},"content":{"rendered":"<p><strong>V\u00f2ng tay v\u1edbi \u0111\u00e1 m\u1eb7t tr\u0103ng nhi\u1ec1u l\u1eeda h\u1ea1t tr\u00f2n size 7ly x\u1ecf tr\u01a1n, \u0111\u01a1n gi\u1ea3n.<\/strong><\/p>\n<p>M\u1eabu d\u00e2y tr\u1eafng, trong tr\u1ebbo v\u1edbi ch\u1ea5t \u0111\u00e1 trong v\u1eaft ph\u1ed1i c\u00f9ng m\u1ed9t s\u1ed1 chi ti\u1ebft m\u1ea1 v\u00e0ng.<\/p>\n<p>Shop s\u1eb5n chi\u1ebfc y h\u00ecnh c\u00f3 \u0111\u1ed9 d\u00e0i 17cm. Ph\u1ea7n v\u1ec7t tr\u1eafng gi\u1eefa h\u1ea1t \u0111\u00e1 m\u00e0 c\u00e1c b\u1ea1n th\u1ea5y \u0111\u00f3 l\u00e0 v\u00e2n \u0111\u00e1, kh\u00f4ng ph\u1ea3i n\u1ee9t nh\u00e9.<\/p>\n<p><strong>P.s: \u0110\u1ec3 \u0111\u01b0\u1ee3c shop ph\u1ea3n h\u1ed3i nhanh nh\u1ea5t, c\u00e1c b\u1ea1n nh\u1eafn tin cho m\u00ecnh qua instagram nh\u01b0 n\u00fat c\u1ea1nh b\u00e0i nh\u00e9.<\/strong><\/p>\n<p>C\u00e1m \u01a1n c\u00e1c b\u1ea1n \u0111\u00e3 gh\u00e9 xem.<\/p>\n<p>#vongtay #moonstone #vongphongthuy #vonghandmade #bracelet #crystalhealing #erialshop #saigon #nhan #tphcm #banvongtay<\/p>\n","protected":false},"excerpt":{"rendered":"<p>V\u00f2ng tay v\u1edbi \u0111\u00e1 m\u1eb7t tr\u0103ng nhi\u1ec1u l\u1eeda h\u1ea1t tr\u00f2n size 7ly x\u1ecf tr\u01a1n, \u0111\u01a1n gi\u1ea3n. M\u1eabu d\u00e2y tr\u1eafng, trong tr\u1ebbo v\u1edbi ch\u1ea5t \u0111\u00e1 trong v\u1eaft ph\u1ed1i c\u00f9ng m\u1ed9t s\u1ed1 chi ti\u1ebft m\u1ea1 v\u00e0ng. Shop s\u1eb5n chi\u1ebfc y h\u00ecnh c\u00f3 \u0111\u1ed9 d\u00e0i 17cm. Ph\u1ea7n v\u1ec7t tr\u1eafng gi\u1eefa h\u1ea1t \u0111\u00e1 m\u00e0 c\u00e1c b\u1ea1n th\u1ea5y \u0111\u00f3 l\u00e0 v\u00e2n \u0111\u00e1, kh\u00f4ng ph\u1ea3i n\u1ee9t nh\u00e9. P.s: \u0110\u1ec3 \u0111\u01b0\u1ee3c shop ph\u1ea3n h\u1ed3i nhanh nh\u1ea5t, c\u00e1c b\u1ea1n nh\u1eafn tin cho m\u00ecnh qua instagram nh\u01b0 n\u00fat c\u1ea1nh b\u00e0i nh\u00e9. C\u00e1m \u01a1n c\u00e1c b\u1ea1n \u0111\u00e3 gh\u00e9 xem. #vongtay #moonstone #vongphongthuy #vonghandmade #bracelet #crystalhealing #erialshop #saigon #nhan #tphcm #banvongtay<\/p>\n","protected":false},"featured_media":21213,"comment_status":"open","ping_status":"closed","template":"","meta":[],"product_brand":[],"product_cat":[284],"product_tag":[362,341,348,338],"class_list":{"0":"post-21212","1":"product","2":"type-product","3":"status-publish","4":"has-post-thumbnail","6":"product_cat-vong-tay","7":"product_tag-damatrang","8":"product_tag-erialshop","9":"product_tag-moonstone","10":"product_tag-vongtay","11":"pa_color-white","12":"pa_fate-kim","13":"pa_fate-thuy","14":"pa_loai-da-moonstone","15":"pa_size-hat-tron","16":"pa_size-7ly","17":"pa_style-tron","19":"first","20":"instock","21":"shipping-taxable","22":"purchasable","23":"product-type-simple"},"_links":{"self":[{"href":"https:\/\/www.erialshop.com\/index.php\/wp-json\/wp\/v2\/product\/21212","targetHints":{"allow":["GET"]}}],"collection":[{"href":"https:\/\/www.erialshop.com\/index.php\/wp-json\/wp\/v2\/product"}],"about":[{"href":"https:\/\/www.erialshop.com\/index.php\/wp-json\/wp\/v2\/types\/product"}],"replies":[{"embeddable":true,"href":"https:\/\/www.erialshop.com\/index.php\/wp-json\/wp\/v2\/comments?post=21212"}],"version-history":[{"count":0,"href":"https:\/\/www.erialshop.com\/index.php\/wp-json\/wp\/v2\/product\/21212\/revisions"}],"wp:featuredmedia":[{"embeddable":true,"href":"https:\/\/www.erialshop.com\/index.php\/wp-json\/wp\/v2\/media\/21213"}],"wp:attachment":[{"href":"https:\/\/www.erialshop.com\/index.php\/wp-json\/wp\/v2\/media?parent=21212"}],"wp:term":[{"taxonomy":"product_brand","embeddable":true,"href":"https:\/\/www.erialshop.com\/index.php\/wp-json\/wp\/v2\/product_brand?post=21212"},{"taxonomy":"product_cat","embeddable":true,"href":"https:\/\/www.erialshop.com\/index.php\/wp-json\/wp\/v2\/product_cat?post=21212"},{"taxonomy":"product_tag","embeddable":true,"href":"https:\/\/www.erialshop.com\/index.php\/wp-json\/wp\/v2\/product_tag?post=21212"}],"curies":[{"name":"wp","href":"https:\/\/api.w.org\/{rel}","templated":true}]}}