{"id":20173,"date":"2023-02-16T06:53:26","date_gmt":"2023-02-16T06:53:26","guid":{"rendered":"https:\/\/erialshop.com\/?post_type=product&#038;p=20173"},"modified":"2024-01-11T15:20:13","modified_gmt":"2024-01-11T08:20:13","slug":"opal-hong-cam-4ly","status":"publish","type":"product","link":"https:\/\/www.erialshop.com\/index.php\/product\/opal-hong-cam-4ly\/","title":{"rendered":"Opal H\u1ed3ng Cam 4ly"},"content":{"rendered":"<p><strong>V\u00f2ng tay d\u00e2y ba c\u00f9ng \u0111\u00e1 opal h\u1ed3ng cam size 4ly v\u1edbi nhi\u1ec1u h\u1ea1t t\u00f4ng m\u00e0u \u0111\u1eadm nh\u1ea1t tr\u1ed9n ng\u1eabu nhi\u00ean.<\/strong><\/p>\n<p>M\u1eabu d\u00e2y m\u00e0u s\u00e1ng, ch\u1ea5t \u0111\u00e1 \u0111\u1ee5c m\u00e0u h\u1ed3ng s\u1eefa kh\u00f4ng c\u00f3 \u00e1nh l\u1eeda ph\u1ed1i c\u00f9ng m\u1ed9t s\u1ed1 chi ti\u1ebft m\u1ea1 v\u00e0ng.<\/p>\n<p>Shop c\u00f3 s\u1eb5n chi\u1ebfc y h\u00ecnh v\u1edbi chi\u1ec1u d\u00e0i 16.3cm nh\u00e9.<\/p>\n<p>Note: Do \u0111i\u1ec1u ki\u1ec7n l\u00fac ch\u1ee5p h\u00ecnh c\u00f3 \u1ea3nh h\u01b0\u1edfng c\u1ee7a \u00e1nh s\u00e1ng m\u1eb7t tr\u1eddi n\u00ean m\u00e0u c\u1ee7a \u0111\u00e1 s\u1ebd h\u01a1i ng\u00e3 sang cam nhi\u1ec1u nh\u00e9. M\u00e0u \u0111\u00fang h\u1ed3ng s\u1eefa pha cam c\u1ee1 10-15%.<\/p>\n<p><strong>P.s: \u0110\u1ec3 \u0111\u01b0\u1ee3c shop ph\u1ea3n h\u1ed3i nhanh nh\u1ea5t, c\u00e1c b\u1ea1n nh\u1eafn tin cho m\u00ecnh qua instagram nh\u01b0 n\u00fat c\u1ea1nh b\u00e0i nh\u00e9.<\/strong><\/p>\n<p>\u2014\u2014\u2014<br \/>\n\ud83c\udf38\u0110\u00e1 opal l\u00e0 tinh th\u1ec3 c\u00f3 ch\u1ee9a 3-21% l\u00e0 n\u01b0\u1edbc n\u00ean c\u00e1c b\u1ea1n \u0111eo h\u1ea1n ch\u1ebf ti\u1ebfp x\u00fac v\u1edbi n\u01b0\u1edbc, n\u1eafng, v\u00e0 nhi\u1ec7t \u0111\u1ed9 thay \u0111\u1ed5i th\u1ea5t th\u01b0\u1eddng th\u00ec s\u1ebd opal s\u1ebd \u0111\u01b0\u1ee3c b\u1ea3o qu\u1ea3n t\u1ed1t h\u01a1n, h\u1ea1n ch\u1ebf l\u00e0m opal b\u1ecb r\u1ea1n do s\u1ed1c nhi\u1ec7t, m\u1ea5t l\u1eeda\u2026<\/p>\n","protected":false},"excerpt":{"rendered":"<p>V\u00f2ng tay d\u00e2y ba c\u00f9ng \u0111\u00e1 opal h\u1ed3ng cam size 4ly v\u1edbi nhi\u1ec1u h\u1ea1t t\u00f4ng m\u00e0u \u0111\u1eadm nh\u1ea1t tr\u1ed9n ng\u1eabu nhi\u00ean. M\u1eabu d\u00e2y m\u00e0u s\u00e1ng, ch\u1ea5t \u0111\u00e1 \u0111\u1ee5c m\u00e0u h\u1ed3ng s\u1eefa kh\u00f4ng c\u00f3 \u00e1nh l\u1eeda ph\u1ed1i c\u00f9ng m\u1ed9t s\u1ed1 chi ti\u1ebft m\u1ea1 v\u00e0ng. Shop c\u00f3 s\u1eb5n chi\u1ebfc y h\u00ecnh v\u1edbi chi\u1ec1u d\u00e0i 16.3cm nh\u00e9. Note: Do \u0111i\u1ec1u ki\u1ec7n l\u00fac ch\u1ee5p h\u00ecnh c\u00f3 \u1ea3nh h\u01b0\u1edfng c\u1ee7a \u00e1nh s\u00e1ng m\u1eb7t tr\u1eddi n\u00ean m\u00e0u c\u1ee7a \u0111\u00e1 s\u1ebd h\u01a1i ng\u00e3 sang cam nhi\u1ec1u nh\u00e9. M\u00e0u \u0111\u00fang h\u1ed3ng s\u1eefa pha cam c\u1ee1 10-15%. P.s: \u0110\u1ec3 \u0111\u01b0\u1ee3c shop ph\u1ea3n h\u1ed3i nhanh nh\u1ea5t, c\u00e1c b\u1ea1n nh\u1eafn tin cho m\u00ecnh qua instagram nh\u01b0 n\u00fat c\u1ea1nh b\u00e0i nh\u00e9. \u2014\u2014\u2014 \ud83c\udf38\u0110\u00e1 opal l\u00e0 tinh th\u1ec3 c\u00f3 ch\u1ee9a 3-21% l\u00e0 n\u01b0\u1edbc n\u00ean c\u00e1c b\u1ea1n \u0111eo h\u1ea1n ch\u1ebf ti\u1ebfp x\u00fac v\u1edbi n\u01b0\u1edbc, n\u1eafng, v\u00e0 nhi\u1ec7t \u0111\u1ed9 thay \u0111\u1ed5i th\u1ea5t th\u01b0\u1eddng th\u00ec s\u1ebd opal s\u1ebd \u0111\u01b0\u1ee3c b\u1ea3o qu\u1ea3n t\u1ed1t h\u01a1n, h\u1ea1n ch\u1ebf l\u00e0m opal b\u1ecb r\u1ea1n do s\u1ed1c nhi\u1ec7t, m\u1ea5t l\u1eeda\u2026<\/p>\n","protected":false},"featured_media":21160,"comment_status":"open","ping_status":"closed","template":"","meta":[],"product_brand":[],"product_cat":[284],"product_tag":[337,336,338],"class_list":{"0":"post-20173","1":"product","2":"type-product","3":"status-publish","4":"has-post-thumbnail","6":"product_cat-vong-tay","7":"product_tag-opal","8":"product_tag-pinkopal","9":"product_tag-vongtay","10":"pa_fate-hoa","11":"pa_fate-tho","12":"pa_loai-da-opal","13":"pa_size-4-ly","14":"pa_style-day-doi","16":"first","17":"instock","18":"shipping-taxable","19":"purchasable","20":"product-type-simple"},"_links":{"self":[{"href":"https:\/\/www.erialshop.com\/index.php\/wp-json\/wp\/v2\/product\/20173","targetHints":{"allow":["GET"]}}],"collection":[{"href":"https:\/\/www.erialshop.com\/index.php\/wp-json\/wp\/v2\/product"}],"about":[{"href":"https:\/\/www.erialshop.com\/index.php\/wp-json\/wp\/v2\/types\/product"}],"replies":[{"embeddable":true,"href":"https:\/\/www.erialshop.com\/index.php\/wp-json\/wp\/v2\/comments?post=20173"}],"version-history":[{"count":0,"href":"https:\/\/www.erialshop.com\/index.php\/wp-json\/wp\/v2\/product\/20173\/revisions"}],"wp:featuredmedia":[{"embeddable":true,"href":"https:\/\/www.erialshop.com\/index.php\/wp-json\/wp\/v2\/media\/21160"}],"wp:attachment":[{"href":"https:\/\/www.erialshop.com\/index.php\/wp-json\/wp\/v2\/media?parent=20173"}],"wp:term":[{"taxonomy":"product_brand","embeddable":true,"href":"https:\/\/www.erialshop.com\/index.php\/wp-json\/wp\/v2\/product_brand?post=20173"},{"taxonomy":"product_cat","embeddable":true,"href":"https:\/\/www.erialshop.com\/index.php\/wp-json\/wp\/v2\/product_cat?post=20173"},{"taxonomy":"product_tag","embeddable":true,"href":"https:\/\/www.erialshop.com\/index.php\/wp-json\/wp\/v2\/product_tag?post=20173"}],"curies":[{"name":"wp","href":"https:\/\/api.w.org\/{rel}","templated":true}]}}