{"id":15,"date":"2023-01-11T16:34:29","date_gmt":"2023-01-11T16:34:29","guid":{"rendered":"https:\/\/erialshop.com\/?page_id=15"},"modified":"2024-07-29T16:26:29","modified_gmt":"2024-07-29T09:26:29","slug":"refund_returns","status":"publish","type":"page","link":"https:\/\/www.erialshop.com\/index.php\/refund_returns\/","title":{"rendered":"\u0110i\u1ec1u kho\u1ea3n v\u00e0 \u0110i\u1ec1u ki\u1ec7n"},"content":{"rendered":"\t\t<div data-elementor-type=\"wp-page\" data-elementor-id=\"15\" class=\"elementor elementor-15\">\n\t\t\t\t\t\t<section class=\"elementor-section elementor-top-section elementor-element elementor-element-77fb004b elementor-section-boxed elementor-section-gap-beside-yes elementor-section-height-default elementor-section-height-default elementor-section-column-vertical-align-stretch\" data-id=\"77fb004b\" data-element_type=\"section\">\n\t\t\t\t\t\t<div class=\"elementor-container elementor-column-gap-extended\">\n\t\t\t\t\t<div class=\"elementor-column elementor-col-100 elementor-top-column elementor-element elementor-element-7c9dbba4\" data-id=\"7c9dbba4\" data-element_type=\"column\">\n\t\t\t<div class=\"elementor-widget-wrap elementor-element-populated\">\n\t\t\t\t\t\t<div class=\"elementor-element elementor-element-1b4d04d3 elementor-widget elementor-widget-text-editor\" data-id=\"1b4d04d3\" data-element_type=\"widget\" data-widget_type=\"text-editor.default\">\n\t\t\t\t<div class=\"elementor-widget-container\">\n\t\t\t\t\t\t\t\t\t\n<h1><strong>A. Ch\u00ednh s\u00e1ch v\u1ec1 quy\u1ec1n ri\u00eang t\u01b0<\/strong><\/h1>\n\n<p>T\u1ea1i trang web Erialshop.com, ch\u00fang t\u00f4i th\u1ef1c hi\u1ec7n hi\u1ec7n vi\u1ec7c b\u1ea3o \u0111\u1ea3m quy\u1ec1n ri\u00eang t\u01b0 c\u1ee7a b\u1ea1n tr\u00ean trang web n\u00e0y. Ch\u00fang t\u00f4i lu\u00f4n cam k\u1ebft b\u1ea3o v\u1ec7 nh\u1eefng th\u00f4ng tin c\u00e1 nh\u00e2n c\u1ee7a b\u1ea1n. Trong t\u00e0i li\u1ec7u n\u00e0y, kh\u00e1i ni\u1ec7m \u201cth\u00f4ng tin c\u00e1 nh\u00e2n\u201d \u0111\u01b0\u1ee3c hi\u1ec3u bao g\u1ed3m t\u00ean, \u0111\u1ecba ch\u1ec9, \u0111\u1ecba ch\u1ec9 email, s\u1ed1 \u0111i\u1ec7n tho\u1ea1i hay b\u1ea5t k\u1ef3 th\u00f4ng tin c\u00e1 nh\u00e2n n\u00e0o kh\u00e1c m\u00e0 b\u1ea1n cung c\u1ea5p, ho\u1eb7c b\u1ea5t k\u1ef3 th\u00f4ng tin n\u00e0o v\u1ec1 b\u1ea1n \u0111\u01b0\u1ee3c thu th\u1eadp theo lu\u1eadt \u0111\u1ecbnh hi\u1ec7n h\u00e0nh.<\/p>\n\n<p>C\u00e1c th\u00f4ng tin \u0111\u01b0\u1ee3c ch\u00fang t\u00f4i thu th\u1eadp ph\u1ee5 thu\u1ed9c v\u00e0o y\u00eau c\u1ea7u c\u1ee7a b\u1ea1n. Vi\u1ec7c thu th\u1eadp c\u00e1c th\u00f4ng tin n\u00e0y nh\u1eb1m gi\u00fap ch\u00fang t\u00f4i cung c\u1ea5p c\u00e1c s\u1ea3n ph\u1ea9m t\u1ed1t h\u01a1n t\u1edbi cho b\u1ea1n. Khi c\u1ea7n thi\u1ebft, ch\u00fang t\u00f4i c\u00f3 th\u1ec3 s\u1eed d\u1ee5ng nh\u1eefng th\u00f4ng tin n\u00e0y \u0111\u1ec3 li\u00ean h\u1ec7 tr\u1ef1c ti\u1ebfp v\u1edbi b\u1ea1n d\u01b0\u1edbi c\u00e1c h\u00ecnh th\u1ee9c nh\u01b0: g\u1edfi th\u01b0 ng\u1ecf, \u0111\u01a1n \u0111\u1eb7t h\u00e0ng, th\u01b0 c\u1ea3m \u01a1n, qu\u00fd kh\u00e1ch c\u00f3 th\u1ec3 nh\u1eadn \u0111\u01b0\u1ee3c th\u01b0 \u0111\u1ecbnh k\u1ef3 cung c\u1ea5p th\u00f4ng tin s\u1ea3n ph\u1ea9m m\u1edbi, th\u00f4ng tin v\u1ec1 c\u00e1c s\u1ef1 ki\u1ec7n s\u1eafp t\u1edbi n\u1ebfu qu\u00fd kh\u00e1ch \u0111\u0103ng k\u00ed nh\u1eadn email th\u00f4ng b\u00e1o.<\/p>\n\n<h4>1. V\u1ec1 Cookie<\/h4>\n\n<p>Cookies l\u00e0 c\u00e1c t\u1eadp h\u1ee3p th\u00f4ng tin m\u00e0 m\u00e1y ch\u1ee7 c\u1ee7a trang web c\u1ee7a ch\u00fang t\u00f4i c\u1ea5p cho b\u1ea1n khi b\u1ea1n s\u1eed d\u1ee5ng trang web c\u1ee7a ch\u00fang t\u00f4i. Cookies \u0111\u01b0\u1ee3c s\u1eed d\u1ee5ng trong m\u1ed9t v\u00e0i khu v\u1ef1c tr\u00ean trang web c\u1ee7a ch\u00fang t\u00f4i ch\u1ec9 \u0111\u1ec3 duy tr\u00ec c\u00e1c th\u00f4ng tin gi\u1eefa c\u00e1c trang. Ch\u00fang s\u1ebd kh\u00f4ng \u0111\u01b0\u1ee3c s\u1eed d\u1ee5ng \u0111\u1ec3 l\u01b0u gi\u1eef ho\u1eb7c x\u00e1c \u0111\u1ecbnh c\u00e1c th\u00f4ng tin c\u00e1 nh\u00e2n c\u1ee7a c\u00e1c kh\u00e1ch h\u00e0ng c\u1ee7a ch\u00fang t\u00f4i. C\u00e1c Cookies n\u00e0y \u0111\u01a1n gi\u1ea3n ch\u1ec9 nh\u1eb1m \u0111\u01b0a c\u00e1c th\u00f4ng tin b\u1ea1n cung c\u1ea5p tr\u00ean m\u1ed9t trang m\u00e0n h\u00ecnh sang trang m\u00e0n h\u00ecnh ti\u1ebfp theo, gi\u00fap b\u1ecf b\u1edbt y\u00eau c\u1ea7u ph\u1ea3i cung c\u1ea5p l\u1ea1i th\u00f4ng tin. C\u00e1c Cookies n\u00e0y kh\u00f4ng thu th\u1eadp b\u1ea5t c\u1ee9 th\u00f4ng tin c\u00e1 nh\u00e2n n\u00e0o c\u1ee7a b\u1ea1n ho\u1eb7c c\u1ee7a m\u00e1y t\u00ednh c\u1ee7a b\u1ea1n. B\u1ea1n c\u00f3 quy\u1ec1n ch\u1ecdn ch\u1ea5p nh\u1eadn ho\u1eb7c kh\u00f4ng ch\u1ea5p nh\u1eadn Cookie, tuy nhi\u00ean, n\u1ebfu b\u1ea1n t\u1eeb ch\u1ed1i Cookie ho\u1eb7c n\u1ebfu ch\u1ee9c n\u0103ng Cookies tr\u00ean tr\u00ecnh duy\u1ec7t c\u1ee7a b\u1ea1n b\u1ecb t\u1eaft, m\u1ed9t v\u00e0i ph\u1ea7n c\u1ee7a trang web n\u00e0y s\u1ebd kh\u00f4ng ho\u1ea1t \u0111\u1ed9ng \u0111\u01b0\u1ee3c.<\/p>\n\n<h4>2. B\u1ea3o m\u1eadt th\u00f4ng tin<\/h4>\n\n<p>Ch\u00fang t\u00f4i duy tr\u00ec c\u00e1c bi\u1ec7n ph\u00e1p v\u00e0 quy tr\u00ecnh b\u1ea3o v\u1ec7 th\u00f4ng tin tu\u00e2n th\u1ee7 c\u00e1c quy \u0111\u1ecbnh c\u1ee7a ph\u00e1p lu\u1eadt nh\u1eb1m b\u1ea3o v\u1ec7 c\u00e1c th\u00f4ng tin c\u00e1 nh\u00e2n c\u1ee7a b\u1ea1n.<\/p>\n\n<h4>3. Th\u1eddi gian l\u01b0u tr\u1eef th\u00f4ng tin<\/h4>\n\n<p>Ngo\u1ea1i tr\u1eeb c\u00e1c tr\u01b0\u1eddng h\u1ee3p v\u1ec1 s\u1eed d\u1ee5ng th\u00f4ng tin c\u00e1 nh\u00e2n nh\u01b0 \u0111\u00e3 n\u00eau trong ch\u00ednh s\u00e1ch n\u00e0y, ch\u00fang t\u00f4i cam k\u1ebft s\u1ebd kh\u00f4ng ti\u1ebft l\u1ed9 th\u00f4ng tin c\u00e1 nh\u00e2n b\u1ea1n ra ngo\u00e0i. Th\u00f4ng tin s\u1ebd \u0111\u01b0\u1ee3c l\u01b0u tr\u1eef v\u0129nh vi\u1ec5n cho \u0111\u1ebfn khi qu\u00fd kh\u00e1ch kh\u00f4ng s\u1eed d\u1ee5ng d\u1ecbch v\u1ee5 c\u1ee7a ch\u00fang t\u00f4i n\u1eefa.<\/p>\n\n<p>Khi b\u1ea1n truy c\u1eadp trang web Erialshop.com, ch\u00fang t\u00f4i hi\u1ec3u r\u1eb1ng b\u1ea1n ho\u00e0n to\u00e0n \u0111\u1ed3ng \u00fd v\u1edbi nh\u1eefng \u0111i\u1ec1u kho\u1ea3n c\u1ee7a ch\u00ednh s\u00e1ch n\u00e0y.<\/p>\n<h1>_<\/h1>\n\n<h1><strong>B. Ch\u00ednh s\u00e1ch giao h\u00e0ng<\/strong><\/h1>\n<p>Erialshop c\u00f3 d\u1ecbch v\u1ee5 giao h\u00e0ng t\u1eadn n\u01a1i \u0111\u1ebfn qu\u00fd kh\u00e1ch h\u00e0ng tr\u00ean kh\u1eafp 63 t\u1ec9nh th\u00e0nh Vi\u1ec7t Nam.<\/p>\n<h4>1. Th\u1eddi gian giao h\u00e0ng<\/h4>\n<p>* N\u1ed9i v\u00e0 ngo\u1ea1i th\u00e0nh TP.HCM: Th\u1eddi gian giao h\u00e0ng l\u00e0 1-2 ng\u00e0y \u0111\u1ed1i v\u1edbi h\u00e0ng c\u00f3 s\u1eb5n v\u00e0 t\u1eeb 3-5 ng\u00e0y \u0111\u1ed1i v\u1edbi h\u00e0ng \u0111\u1eb7t l\u00e0m ri\u00eang theo size &#8211; kh\u00f4ng c\u00f3 s\u1eb5n.\u00a0<br \/>* C\u00e1c t\u1ec9nh th\u00e0nh kh\u00e1c: Th\u1eddi gian l\u00e0 3-4 ng\u00e0y \u0111\u1ed1i v\u1edbi h\u00e0ng c\u00f3 s\u1eb5n v\u00e0 t\u1eeb 5-6 ng\u00e0y \u0111\u1ed1i v\u1edbi h\u00e0ng \u0111\u1eb7t l\u00e0m ri\u00eang theo size &#8211; kh\u00f4ng c\u00f3 s\u1eb5n.\u00a0<\/p>\n<p><strong><em>Ch\u00fa th\u00edch:<\/em> <\/strong>Th\u1eddi gian giao h\u00e0ng tr\u00ean ch\u1ec9 mang t\u00ednh ch\u1ea5t tham kh\u1ea3o, th\u1ef1c t\u1ebf c\u00f3 th\u1ec3 dao \u0111\u1ed9ng s\u1edbm ho\u1eb7c mu\u1ed9n h\u01a1n t\u00f9y theo t\u00ecnh tr\u1ea1ng t\u1ed3n kho s\u1ea3n ph\u1ea9m, \u0111\u1ecba ch\u1ec9 giao h\u00e0ng v\u00e0 m\u1ed9t s\u1ed1 \u0111i\u1ec1u ki\u1ec7n kh\u00e1ch quan (V\u00ed d\u1ee5: thi\u00ean tai, l\u0169 l\u1ee5t, h\u1ecfng h\u00f3c ph\u01b0\u01a1ng ti\u1ec7n&#8230;).<\/p>\n<h4>2. Ph\u00ed giao h\u00e0ng<\/h4>\n<p>* Ph\u00ed ship giao \u0111\u1ed9ng t\u1eeb 22,000\u0111 &#8211; 40,000\u0111 tu\u1ef3 khu v\u1ef1c tr\u00ean to\u00e0n qu\u1ed1c.<br \/>* Mi\u1ec5n ph\u00ed giao h\u00e0ng cho \u0111\u01a1n h\u00e0ng tr\u00ean 1,000,000\u0111.<br \/>* N\u1ebfu g\u00f3i s\u1ea3n ph\u1ea9m c\u00f3 tr\u1ecdng l\u01b0\u1ee3ng tr\u00ean 1kg s\u1ebd c\u00f3 ph\u00e1t sinh ph\u1ee5 ph\u00ed th\u00eam.<\/p>\n<h1>_<\/h1>\n\n<h1><strong>C. B\u1ea1n \u0111ang c\u1ea7n h\u1ed7 tr\u1ee3?<\/strong><\/h1>\n\n<p>Vui l\u00f2ng li\u00ean h\u1ec7 v\u1edbi Erialshop qua email ho\u1eb7c nh\u1eafn tin tr\u1ef1c ti\u1ebfp v\u1edbi ch\u00fang t\u00f4i qua c\u00e1c n\u1ec1n t\u1ea3ng m\u1ea1ng x\u00e3 h\u1ed9i kh\u00e1c \u0111\u01b0\u1ee3c li\u1ec7t k\u00ea trong ph\u1ea7n li\u00ean h\u1ec7 c\u1ee7a website n\u00e0y.<\/p>\n\n<p>Tr\u00e2n tr\u1ecdng c\u1ea3m \u01a1n.<\/p>\n\t\t\t\t\t\t\t\t<\/div>\n\t\t\t\t<\/div>\n\t\t\t\t\t<\/div>\n\t\t<\/div>\n\t\t\t\t\t<\/div>\n\t\t<\/section>\n\t\t\t\t<\/div>\n\t\t","protected":false},"excerpt":{"rendered":"<p>A. Ch\u00ednh s\u00e1ch v\u1ec1 quy\u1ec1n ri\u00eang t\u01b0 T\u1ea1i trang web Erialshop.com, ch\u00fang t\u00f4i th\u1ef1c hi\u1ec7n hi\u1ec7n vi\u1ec7c b\u1ea3o \u0111\u1ea3m quy\u1ec1n ri\u00eang t\u01b0 c\u1ee7a b\u1ea1n tr\u00ean trang web n\u00e0y. Ch\u00fang t\u00f4i lu\u00f4n cam k\u1ebft b\u1ea3o v\u1ec7 nh\u1eefng th\u00f4ng tin c\u00e1 nh\u00e2n c\u1ee7a b\u1ea1n. Trong t\u00e0i li\u1ec7u n\u00e0y, kh\u00e1i ni\u1ec7m \u201cth\u00f4ng tin c\u00e1 nh\u00e2n\u201d \u0111\u01b0\u1ee3c hi\u1ec3u bao g\u1ed3m t\u00ean, \u0111\u1ecba ch\u1ec9, \u0111\u1ecba ch\u1ec9 email, s\u1ed1 \u0111i\u1ec7n tho\u1ea1i hay b\u1ea5t k\u1ef3 th\u00f4ng tin c\u00e1 nh\u00e2n n\u00e0o kh\u00e1c m\u00e0 b\u1ea1n cung c\u1ea5p, ho\u1eb7c b\u1ea5t k\u1ef3 th\u00f4ng tin n\u00e0o v\u1ec1 b\u1ea1n \u0111\u01b0\u1ee3c thu th\u1eadp theo lu\u1eadt \u0111\u1ecbnh hi\u1ec7n h\u00e0nh. C\u00e1c th\u00f4ng tin \u0111\u01b0\u1ee3c ch\u00fang t\u00f4i thu th\u1eadp ph\u1ee5 thu\u1ed9c v\u00e0o y\u00eau c\u1ea7u c\u1ee7a b\u1ea1n. Vi\u1ec7c thu th\u1eadp c\u00e1c th\u00f4ng tin n\u00e0y nh\u1eb1m gi\u00fap ch\u00fang t\u00f4i cung c\u1ea5p c\u00e1c s\u1ea3n ph\u1ea9m t\u1ed1t h\u01a1n t\u1edbi cho b\u1ea1n. Khi c\u1ea7n thi\u1ebft, ch\u00fang t\u00f4i c\u00f3 th\u1ec3 s\u1eed d\u1ee5ng nh\u1eefng th\u00f4ng tin n\u00e0y \u0111\u1ec3 li\u00ean h\u1ec7 tr\u1ef1c ti\u1ebfp v\u1edbi b\u1ea1n d\u01b0\u1edbi c\u00e1c h\u00ecnh th\u1ee9c nh\u01b0: g\u1edfi th\u01b0 ng\u1ecf, \u0111\u01a1n \u0111\u1eb7t h\u00e0ng, th\u01b0 c\u1ea3m \u01a1n, qu\u00fd kh\u00e1ch c\u00f3 th\u1ec3 nh\u1eadn \u0111\u01b0\u1ee3c th\u01b0 \u0111\u1ecbnh k\u1ef3 cung c\u1ea5p th\u00f4ng tin s\u1ea3n ph\u1ea9m m\u1edbi, th\u00f4ng tin v\u1ec1 c\u00e1c s\u1ef1 ki\u1ec7n s\u1eafp t\u1edbi n\u1ebfu qu\u00fd kh\u00e1ch \u0111\u0103ng k\u00ed nh\u1eadn email th\u00f4ng b\u00e1o. 1. V\u1ec1 Cookie Cookies l\u00e0 c\u00e1c t\u1eadp h\u1ee3p th\u00f4ng tin m\u00e0 m\u00e1y ch\u1ee7 c\u1ee7a trang web c\u1ee7a ch\u00fang t\u00f4i c\u1ea5p cho b\u1ea1n khi b\u1ea1n s\u1eed d\u1ee5ng trang web c\u1ee7a ch\u00fang t\u00f4i. Cookies \u0111\u01b0\u1ee3c s\u1eed d\u1ee5ng trong m\u1ed9t v\u00e0i khu v\u1ef1c tr\u00ean trang web c\u1ee7a ch\u00fang t\u00f4i ch\u1ec9 \u0111\u1ec3 duy tr\u00ec c\u00e1c th\u00f4ng tin gi\u1eefa c\u00e1c trang. Ch\u00fang s\u1ebd kh\u00f4ng \u0111\u01b0\u1ee3c s\u1eed d\u1ee5ng \u0111\u1ec3 l\u01b0u gi\u1eef ho\u1eb7c x\u00e1c \u0111\u1ecbnh c\u00e1c th\u00f4ng tin c\u00e1 nh\u00e2n c\u1ee7a c\u00e1c kh\u00e1ch h\u00e0ng c\u1ee7a ch\u00fang t\u00f4i. C\u00e1c Cookies n\u00e0y \u0111\u01a1n gi\u1ea3n ch\u1ec9 nh\u1eb1m \u0111\u01b0a c\u00e1c th\u00f4ng tin b\u1ea1n cung c\u1ea5p tr\u00ean m\u1ed9t trang m\u00e0n h\u00ecnh sang trang m\u00e0n h\u00ecnh ti\u1ebfp theo, gi\u00fap b\u1ecf b\u1edbt y\u00eau c\u1ea7u ph\u1ea3i cung c\u1ea5p l\u1ea1i th\u00f4ng tin. C\u00e1c Cookies n\u00e0y kh\u00f4ng thu th\u1eadp b\u1ea5t c\u1ee9 th\u00f4ng tin c\u00e1 nh\u00e2n n\u00e0o c\u1ee7a b\u1ea1n ho\u1eb7c c\u1ee7a m\u00e1y t\u00ednh c\u1ee7a b\u1ea1n. B\u1ea1n c\u00f3 quy\u1ec1n ch\u1ecdn ch\u1ea5p nh\u1eadn ho\u1eb7c kh\u00f4ng ch\u1ea5p nh\u1eadn Cookie, tuy nhi\u00ean, n\u1ebfu b\u1ea1n t\u1eeb ch\u1ed1i Cookie ho\u1eb7c n\u1ebfu ch\u1ee9c n\u0103ng Cookies tr\u00ean tr\u00ecnh duy\u1ec7t c\u1ee7a b\u1ea1n b\u1ecb t\u1eaft, m\u1ed9t v\u00e0i ph\u1ea7n c\u1ee7a trang web n\u00e0y s\u1ebd kh\u00f4ng ho\u1ea1t \u0111\u1ed9ng \u0111\u01b0\u1ee3c. 2. B\u1ea3o m\u1eadt th\u00f4ng tin Ch\u00fang t\u00f4i duy tr\u00ec c\u00e1c bi\u1ec7n ph\u00e1p v\u00e0 quy tr\u00ecnh b\u1ea3o v\u1ec7 th\u00f4ng tin tu\u00e2n th\u1ee7 c\u00e1c quy \u0111\u1ecbnh c\u1ee7a ph\u00e1p lu\u1eadt nh\u1eb1m b\u1ea3o v\u1ec7 c\u00e1c th\u00f4ng tin c\u00e1 nh\u00e2n c\u1ee7a b\u1ea1n. 3. Th\u1eddi gian l\u01b0u tr\u1eef th\u00f4ng tin Ngo\u1ea1i tr\u1eeb c\u00e1c tr\u01b0\u1eddng h\u1ee3p v\u1ec1 s\u1eed d\u1ee5ng th\u00f4ng tin c\u00e1 nh\u00e2n nh\u01b0 \u0111\u00e3 n\u00eau trong ch\u00ednh s\u00e1ch n\u00e0y, ch\u00fang t\u00f4i cam k\u1ebft s\u1ebd kh\u00f4ng ti\u1ebft l\u1ed9 th\u00f4ng tin c\u00e1 nh\u00e2n b\u1ea1n ra ngo\u00e0i. Th\u00f4ng tin s\u1ebd \u0111\u01b0\u1ee3c l\u01b0u tr\u1eef v\u0129nh vi\u1ec5n cho \u0111\u1ebfn khi qu\u00fd kh\u00e1ch kh\u00f4ng s\u1eed d\u1ee5ng d\u1ecbch v\u1ee5 c\u1ee7a ch\u00fang t\u00f4i n\u1eefa. Khi b\u1ea1n truy c\u1eadp trang web Erialshop.com, ch\u00fang t\u00f4i hi\u1ec3u r\u1eb1ng b\u1ea1n ho\u00e0n to\u00e0n \u0111\u1ed3ng \u00fd v\u1edbi nh\u1eefng \u0111i\u1ec1u kho\u1ea3n c\u1ee7a ch\u00ednh s\u00e1ch n\u00e0y. _ B. Ch\u00ednh s\u00e1ch giao h\u00e0ng Erialshop c\u00f3 d\u1ecbch v\u1ee5 giao h\u00e0ng t\u1eadn n\u01a1i \u0111\u1ebfn qu\u00fd kh\u00e1ch h\u00e0ng tr\u00ean kh\u1eafp 63 t\u1ec9nh th\u00e0nh Vi\u1ec7t Nam. 1. Th\u1eddi gian giao h\u00e0ng * N\u1ed9i v\u00e0 ngo\u1ea1i th\u00e0nh TP.HCM: Th\u1eddi gian giao h\u00e0ng l\u00e0 1-2 ng\u00e0y \u0111\u1ed1i v\u1edbi h\u00e0ng c\u00f3 s\u1eb5n v\u00e0 t\u1eeb 3-5 ng\u00e0y \u0111\u1ed1i v\u1edbi h\u00e0ng \u0111\u1eb7t l\u00e0m ri\u00eang theo size &#8211; kh\u00f4ng c\u00f3 s\u1eb5n.\u00a0* C\u00e1c t\u1ec9nh th\u00e0nh kh\u00e1c: Th\u1eddi gian l\u00e0 3-4 ng\u00e0y \u0111\u1ed1i v\u1edbi h\u00e0ng c\u00f3 s\u1eb5n v\u00e0 t\u1eeb 5-6 ng\u00e0y \u0111\u1ed1i v\u1edbi h\u00e0ng \u0111\u1eb7t l\u00e0m ri\u00eang theo size &#8211; kh\u00f4ng c\u00f3 s\u1eb5n.\u00a0 Ch\u00fa th\u00edch: Th\u1eddi gian giao h\u00e0ng tr\u00ean ch\u1ec9 mang t\u00ednh ch\u1ea5t tham kh\u1ea3o, th\u1ef1c t\u1ebf c\u00f3 th\u1ec3 dao \u0111\u1ed9ng s\u1edbm ho\u1eb7c mu\u1ed9n h\u01a1n t\u00f9y theo t\u00ecnh tr\u1ea1ng t\u1ed3n kho s\u1ea3n ph\u1ea9m, \u0111\u1ecba ch\u1ec9 giao h\u00e0ng v\u00e0 m\u1ed9t s\u1ed1 \u0111i\u1ec1u ki\u1ec7n kh\u00e1ch quan (V\u00ed d\u1ee5: thi\u00ean tai, l\u0169 l\u1ee5t, h\u1ecfng h\u00f3c ph\u01b0\u01a1ng ti\u1ec7n&#8230;). 2. Ph\u00ed giao h\u00e0ng * Ph\u00ed ship giao \u0111\u1ed9ng t\u1eeb 22,000\u0111 &#8211; 40,000\u0111 tu\u1ef3 khu v\u1ef1c tr\u00ean to\u00e0n qu\u1ed1c.* Mi\u1ec5n ph\u00ed giao h\u00e0ng cho \u0111\u01a1n h\u00e0ng tr\u00ean 1,000,000\u0111.* N\u1ebfu g\u00f3i s\u1ea3n ph\u1ea9m c\u00f3 tr\u1ecdng l\u01b0\u1ee3ng tr\u00ean 1kg s\u1ebd c\u00f3 ph\u00e1t sinh ph\u1ee5 ph\u00ed th\u00eam. _ C. B\u1ea1n \u0111ang c\u1ea7n h\u1ed7 tr\u1ee3? Vui l\u00f2ng li\u00ean h\u1ec7 v\u1edbi Erialshop qua email ho\u1eb7c nh\u1eafn tin tr\u1ef1c ti\u1ebfp v\u1edbi ch\u00fang t\u00f4i qua c\u00e1c n\u1ec1n t\u1ea3ng m\u1ea1ng x\u00e3 h\u1ed9i kh\u00e1c \u0111\u01b0\u1ee3c li\u1ec7t k\u00ea trong ph\u1ea7n li\u00ean h\u1ec7 c\u1ee7a website n\u00e0y. Tr\u00e2n tr\u1ecdng c\u1ea3m \u01a1n.<\/p>\n","protected":false},"author":1,"featured_media":0,"parent":0,"menu_order":0,"comment_status":"closed","ping_status":"closed","template":"","meta":{"footnotes":""},"class_list":["post-15","page","type-page","status-publish","hentry","post-no-thumbnail"],"_links":{"self":[{"href":"https:\/\/www.erialshop.com\/index.php\/wp-json\/wp\/v2\/pages\/15","targetHints":{"allow":["GET"]}}],"collection":[{"href":"https:\/\/www.erialshop.com\/index.php\/wp-json\/wp\/v2\/pages"}],"about":[{"href":"https:\/\/www.erialshop.com\/index.php\/wp-json\/wp\/v2\/types\/page"}],"author":[{"embeddable":true,"href":"https:\/\/www.erialshop.com\/index.php\/wp-json\/wp\/v2\/users\/1"}],"replies":[{"embeddable":true,"href":"https:\/\/www.erialshop.com\/index.php\/wp-json\/wp\/v2\/comments?post=15"}],"version-history":[{"count":0,"href":"https:\/\/www.erialshop.com\/index.php\/wp-json\/wp\/v2\/pages\/15\/revisions"}],"wp:attachment":[{"href":"https:\/\/www.erialshop.com\/index.php\/wp-json\/wp\/v2\/media?parent=15"}],"curies":[{"name":"wp","href":"https:\/\/api.w.org\/{rel}","templated":true}]}}